{"id":7397,"date":"2022-12-24T16:41:25","date_gmt":"2022-12-24T15:41:25","guid":{"rendered":"https:\/\/www.associazione-culturale-europea.eu\/?page_id=7397"},"modified":"2025-11-21T23:08:14","modified_gmt":"2025-11-21T22:08:14","slug":"libro-esposizione-foto-racconti","status":"publish","type":"page","link":"https:\/\/www.associazione-culturale-europea.eu\/index.php\/page-for-the-scrittura-creativa-group\/libro-esposizione-foto-racconti\/","title":{"rendered":"Libro Esposizione, foto-racconti"},"content":{"rendered":"\t\t<div data-elementor-type=\"wp-page\" data-elementor-id=\"7397\" class=\"elementor elementor-7397\" data-elementor-post-type=\"page\">\n\t\t\t\t\t\t<section class=\"elementor-section elementor-top-section elementor-element elementor-element-6eabaca elementor-section-boxed elementor-section-height-default elementor-section-height-default\" data-id=\"6eabaca\" data-element_type=\"section\" data-e-type=\"section\">\n\t\t\t\t\t\t<div class=\"elementor-container elementor-column-gap-default\">\n\t\t\t\t\t<div class=\"elementor-column elementor-col-100 elementor-top-column elementor-element elementor-element-4cf1744\" data-id=\"4cf1744\" data-element_type=\"column\" data-e-type=\"column\">\n\t\t\t<div class=\"elementor-widget-wrap elementor-element-populated\">\n\t\t\t\t\t\t<section class=\"elementor-section elementor-inner-section elementor-element elementor-element-401b16e elementor-section-boxed elementor-section-height-default elementor-section-height-default\" data-id=\"401b16e\" data-element_type=\"section\" data-e-type=\"section\">\n\t\t\t\t\t\t<div class=\"elementor-container elementor-column-gap-default\">\n\t\t\t\t\t<div class=\"elementor-column elementor-col-50 elementor-inner-column elementor-element elementor-element-00fc73c\" data-id=\"00fc73c\" data-element_type=\"column\" data-e-type=\"column\">\n\t\t\t<div class=\"elementor-widget-wrap elementor-element-populated\">\n\t\t\t\t\t\t<div class=\"elementor-element elementor-element-9169afe elementor-widget elementor-widget-text-editor\" data-id=\"9169afe\" data-element_type=\"widget\" data-e-type=\"widget\" data-widget_type=\"text-editor.default\">\n\t\t\t\t<div class=\"elementor-widget-container\">\n\t\t\t\t\t\t\t\t\t<p><span lang=\"IT\">I dodici autori del libro &#8220;Esposizione, foto-racconti&#8221; hanno maturato l\u2019idea di realizzare un\u2019opera che fosse pi\u00f9 di un libro: una raccolta di ventuno svariate storie, un miscuglio di cose diverse, sia di vita quotidiana che di fantasia, spremendo al massimo la propria inventiva.<\/span><\/p><p><span lang=\"IT\">La sfida proposta agli autori di questo libro \u00e8 giusto l\u2019opposto di quella lanciata nel precedente lavoro, \u201c10 autori in cerca di personaggio\u201d, in cui le storie erano state create a partire di immagini. Questa volta le storie sono state scritte prima, servendo quali fonti di ispirazione per i fotografi e diventando cos\u00ec un filo comune a tutti i racconti, unici e diversi tra di loro. Ciascuno degli autori ha curato s\u00ec la propria parte, ma sempre in sinergia con il resto del team.<\/span><\/p><p><span lang=\"IT\">Una volta scritto il contenuto, occorreva un nome e una copertina per avvolgerlo con propriet\u00e0. La scelta \u00e8 ricaduta sulla parola Esposizione, che si adatta alla nostra opera in pi\u00f9 di una delle sue accezioni: come interpretazione o narrazione dei fatti e come tempo di apertura dell\u2019obiettivo di un apparecchio fotografico. La definizione Treccani, precisa nelle sfumature, ci viene in aiuto.<\/span><\/p>\t\t\t\t\t\t\t\t<\/div>\n\t\t\t\t<\/div>\n\t\t\t\t\t<\/div>\n\t\t<\/div>\n\t\t\t\t<div class=\"elementor-column elementor-col-50 elementor-inner-column elementor-element elementor-element-50dd81a\" data-id=\"50dd81a\" data-element_type=\"column\" data-e-type=\"column\">\n\t\t\t<div class=\"elementor-widget-wrap elementor-element-populated\">\n\t\t\t\t\t\t<div class=\"elementor-element elementor-element-efd6495 elementor-widget elementor-widget-text-editor\" data-id=\"efd6495\" data-element_type=\"widget\" data-e-type=\"widget\" data-widget_type=\"text-editor.default\">\n\t\t\t\t<div class=\"elementor-widget-container\">\n\t\t\t\t\t\t\t\t\t<h4><span lang=\"EN-GB\" style=\"font-size: 18.0pt;line-height: 115%;font-family: Arial\">Immagini abbinate a racconti che<\/span><span lang=\"ES-TRAD\" style=\"font-size: 18.0pt;line-height: 115%;font-family: Arial\"> arricchiscono<\/span><span lang=\"EN-GB\" style=\"font-size: 18.0pt;line-height: 115%;font-family: Arial\"> di nuovi elementi le intere storie<\/span><\/h4>\t\t\t\t\t\t\t\t<\/div>\n\t\t\t\t<\/div>\n\t\t\t\t<div class=\"elementor-element elementor-element-f62c79d elementor-widget elementor-widget-image\" data-id=\"f62c79d\" data-element_type=\"widget\" data-e-type=\"widget\" data-widget_type=\"image.default\">\n\t\t\t\t<div class=\"elementor-widget-container\">\n\t\t\t\t\t\t\t\t\t\t\t\t\t\t\t<img decoding=\"async\" src=\"https:\/\/83418066-464294297603338822.preview.editmysite.com\/uploads\/8\/3\/4\/1\/83418066\/copertina-libro-espossizione_orig.png\" title=\"\" alt=\"\" loading=\"lazy\" \/>\t\t\t\t\t\t\t\t\t\t\t\t\t\t\t<\/div>\n\t\t\t\t<\/div>\n\t\t\t\t\t<\/div>\n\t\t<\/div>\n\t\t\t\t\t<\/div>\n\t\t<\/section>\n\t\t\t\t<div class=\"elementor-element elementor-element-90836d1 elementor-widget-divider--view-line elementor-widget elementor-widget-divider\" data-id=\"90836d1\" data-element_type=\"widget\" data-e-type=\"widget\" data-widget_type=\"divider.default\">\n\t\t\t\t<div class=\"elementor-widget-container\">\n\t\t\t\t\t\t\t<div class=\"elementor-divider\">\n\t\t\t<span class=\"elementor-divider-separator\">\n\t\t\t\t\t\t<\/span>\n\t\t<\/div>\n\t\t\t\t\t\t<\/div>\n\t\t\t\t<\/div>\n\t\t\t\t\t<\/div>\n\t\t<\/div>\n\t\t\t\t\t<\/div>\n\t\t<\/section>\n\t\t<div class=\"elementor-element elementor-element-a38291c e-flex e-con-boxed e-con e-parent\" data-id=\"a38291c\" data-element_type=\"container\" data-e-type=\"container\">\n\t\t\t\t\t<div class=\"e-con-inner\">\n\t\t\t\t<div class=\"elementor-element elementor-element-71b9d71 elementor-widget elementor-widget-text-editor\" data-id=\"71b9d71\" data-element_type=\"widget\" data-e-type=\"widget\" data-widget_type=\"text-editor.default\">\n\t\t\t\t<div class=\"elementor-widget-container\">\n\t\t\t\t\t\t\t\t\t<p><span lang=\"IT\">Il libro \u00e8 disponibile esclusivamente in biblioteca ACE, non \u00e8 in vendita al pubblico. Tuttavia, la versione PDF pu\u00f2 essere utilizzata gratuitamente come e-book. <strong>Puoi sfogliare le pagine sullo schermo del tuo computer<\/strong>. Puoi anche scaricare il PDF per usarlo su tablet o Kindle.<\/span><\/p>\t\t\t\t\t\t\t\t<\/div>\n\t\t\t\t<\/div>\n\t\t\t\t\t<\/div>\n\t\t\t\t<\/div>\n\t\t<div class=\"elementor-element elementor-element-2f58838 e-flex e-con-boxed e-con e-parent\" data-id=\"2f58838\" data-element_type=\"container\" data-e-type=\"container\">\n\t\t\t\t\t<div class=\"e-con-inner\">\n\t\t\t\t<div class=\"elementor-element elementor-element-5802f68 elementor-widget elementor-widget-embedpress_pdf\" data-id=\"5802f68\" data-element_type=\"widget\" data-e-type=\"widget\" data-widget_type=\"embedpress_pdf.default\">\n\t\t\t\t<div class=\"elementor-widget-container\">\n\t\t\t\t\t    <div class=\"embedpress-document-embed ep-doc-ad7f930b75ff9bcf138d9067710b1cff ose-document emebedpress-unit-percent \" data-thememode=\"default\" data-customcolor=\"\" data-toolbar=\"yes\" data-toolbar-position=\"top\" data-open=\"no\" data-presentation-mode=\"yes\" data-download=\"yes\" data-copy=\"yes\" data-add-image=\"yes\" data-rotate=\"yes\" data-details=\"yes\" data-id=\"embedpress-pdf-5802f68\" data-selection-tool=\"0\" data-scrolling=\"0\" data-spreads=\"-1\" style=\" max-width:100%; display: inline-block\">\n\n        \n                <div >\n\n                    <div id=\"ep-elementor-content-5802f68\" class=\"ep-elementor-content   ep-percentage-width   ep-content-protection-disabled\">\n                        <div id=\"5802f68\" class=\"ep-embed-content-wraper\">\n                            <div><iframe title=\"Libro Esposizione\" class=\"embedpress-embed-document-pdf embedpress-pdf-5802f68\" style=\"width: 600%!important;height: 600px;; max-width:100%; display: inline-block\" src=\"https:\/\/www.associazione-culturale-europea.eu\/wp-admin\/admin-ajax.php?action=get_flipbook_viewer&#038;file=https%3A%2F%2Fwww.associazione-culturale-europea.eu%2Fwp-content%2Fuploads%2F2022%2F12%2FLibro-Esposizione.pdf&#038;key=dGhlbWVNb2RlPWRlZmF1bHQmdG9vbGJhcj10cnVlJnBvc2l0aW9uPXRvcCZwcmVzZW50YXRpb249dHJ1ZSZsYXp5TG9hZD1mYWxzZSZkb3dubG9hZD10cnVlJmNvcHlfdGV4dD10cnVlJmFkZF90ZXh0PXRydWUmZHJhdz10cnVlJmFkZF9pbWFnZT10cnVlJnBkZl9yb3RhdGlvbj10cnVlJnBkZl9kZXRhaWxzPXRydWUmem9vbV9pbj10cnVlJnpvb21fb3V0PXRydWUmZml0X3ZpZXc9dHJ1ZSZib29rbWFyaz10cnVlJnNvdW5kPXRydWUmZmxpcGJvb2tfdG9vbGJhcl9wb3NpdGlvbj1ib3R0b20mc2VsZWN0aW9uX3Rvb2w9MCZzY3JvbGxpbmc9MCZzcHJlYWRzPS0xJmlzX3Byb19hY3RpdmU9MCZwYWdlTnVtYmVyPTEmd2F0ZXJtYXJrX3RleHQ9JndhdGVybWFya19mb250X3NpemU9NDgmd2F0ZXJtYXJrX2NvbG9yPSUyMzAwMDAwMCZ3YXRlcm1hcmtfb3BhY2l0eT0xNSZ3YXRlcm1hcmtfc3R5bGU9Y2VudGVy\" class=\"embedpress-embed-document-pdf embedpress-pdf-5802f68\" data-emid=\"embedpress-pdf-5802f68\" data-embed-type=\"PDF\" frameborder=\"0\"><\/iframe><p class=\"embedpress-el-powered\">Powered By EmbedPress<\/p><\/div>                        <\/div>\n\n                    <\/div>\n\n\n                   \n                <\/div>\n            \n    <\/div>\n\n\t\t\t\t<\/div>\n\t\t\t\t<\/div>\n\t\t\t\t\t<\/div>\n\t\t\t\t<\/div>\n\t\t<div class=\"elementor-element elementor-element-bde6d91 e-flex e-con-boxed e-con e-parent\" data-id=\"bde6d91\" data-element_type=\"container\" data-e-type=\"container\">\n\t\t\t\t\t<div class=\"e-con-inner\">\n\t\t<div class=\"elementor-element elementor-element-73ddd42 e-con-full e-flex e-con e-child\" data-id=\"73ddd42\" data-element_type=\"container\" data-e-type=\"container\">\n\t\t\t\t<div class=\"elementor-element elementor-element-bbc94cf elementor-align-right elementor-widget elementor-widget-button\" data-id=\"bbc94cf\" data-element_type=\"widget\" data-e-type=\"widget\" data-widget_type=\"button.default\">\n\t\t\t\t<div class=\"elementor-widget-container\">\n\t\t\t\t\t\t\t\t\t<div class=\"elementor-button-wrapper\">\n\t\t\t\t\t<a class=\"elementor-button elementor-button-link elementor-size-sm\" href=\"https:\/\/www.associazione-culturale-europea.eu\/index.php\/page-for-the-scrittura-creativa-group\/\">\n\t\t\t\t\t\t<span class=\"elementor-button-content-wrapper\">\n\t\t\t\t\t\t\t\t\t<span class=\"elementor-button-text\">Tornare al menu principale<\/span>\n\t\t\t\t\t<\/span>\n\t\t\t\t\t<\/a>\n\t\t\t\t<\/div>\n\t\t\t\t\t\t\t\t<\/div>\n\t\t\t\t<\/div>\n\t\t\t\t<\/div>\n\t\t<div class=\"elementor-element elementor-element-5048902 e-con-full e-flex e-con e-child\" data-id=\"5048902\" data-element_type=\"container\" data-e-type=\"container\">\n\t\t\t\t<div class=\"elementor-element elementor-element-6b83683 elementor-widget elementor-widget-button\" data-id=\"6b83683\" data-element_type=\"widget\" data-e-type=\"widget\" data-widget_type=\"button.default\">\n\t\t\t\t<div class=\"elementor-widget-container\">\n\t\t\t\t\t\t\t\t\t<div class=\"elementor-button-wrapper\">\n\t\t\t\t\t<a class=\"elementor-button elementor-button-link elementor-size-sm\" href=\"https:\/\/www.associazione-culturale-europea.eu\/index.php\/nostri-libri-casarecci\/\">\n\t\t\t\t\t\t<span class=\"elementor-button-content-wrapper\">\n\t\t\t\t\t\t\t\t\t<span class=\"elementor-button-text\">Tornare al munu \"i nostri libri casarecci\"<\/span>\n\t\t\t\t\t<\/span>\n\t\t\t\t\t<\/a>\n\t\t\t\t<\/div>\n\t\t\t\t\t\t\t\t<\/div>\n\t\t\t\t<\/div>\n\t\t\t\t<\/div>\n\t\t\t\t\t<\/div>\n\t\t\t\t<\/div>\n\t\t\t\t<\/div>\n\t\t","protected":false},"excerpt":{"rendered":"<p>I dodici autori del libro &#8220;Esposizione, foto-racconti&#8221; hanno maturato l\u2019idea di realizzare un\u2019opera che fosse pi\u00f9 di un libro: una raccolta di ventuno svariate storie, un miscuglio di cose diverse, sia di vita quotidiana che di fantasia, spremendo al massimo la propria inventiva. La sfida proposta agli autori di questo libro \u00e8 giusto l\u2019opposto di [&hellip;]<\/p>\n","protected":false},"author":18,"featured_media":0,"parent":4305,"menu_order":0,"comment_status":"closed","ping_status":"closed","template":"template\/fullwidth.php","meta":{"footnotes":""},"class_list":["post-7397","page","type-page","status-publish","hentry"],"_links":{"self":[{"href":"https:\/\/www.associazione-culturale-europea.eu\/index.php\/wp-json\/wp\/v2\/pages\/7397","targetHints":{"allow":["GET"]}}],"collection":[{"href":"https:\/\/www.associazione-culturale-europea.eu\/index.php\/wp-json\/wp\/v2\/pages"}],"about":[{"href":"https:\/\/www.associazione-culturale-europea.eu\/index.php\/wp-json\/wp\/v2\/types\/page"}],"author":[{"embeddable":true,"href":"https:\/\/www.associazione-culturale-europea.eu\/index.php\/wp-json\/wp\/v2\/users\/18"}],"replies":[{"embeddable":true,"href":"https:\/\/www.associazione-culturale-europea.eu\/index.php\/wp-json\/wp\/v2\/comments?post=7397"}],"version-history":[{"count":27,"href":"https:\/\/www.associazione-culturale-europea.eu\/index.php\/wp-json\/wp\/v2\/pages\/7397\/revisions"}],"predecessor-version":[{"id":15695,"href":"https:\/\/www.associazione-culturale-europea.eu\/index.php\/wp-json\/wp\/v2\/pages\/7397\/revisions\/15695"}],"up":[{"embeddable":true,"href":"https:\/\/www.associazione-culturale-europea.eu\/index.php\/wp-json\/wp\/v2\/pages\/4305"}],"wp:attachment":[{"href":"https:\/\/www.associazione-culturale-europea.eu\/index.php\/wp-json\/wp\/v2\/media?parent=7397"}],"curies":[{"name":"wp","href":"https:\/\/api.w.org\/{rel}","templated":true}]}}

<div data-elementor-type="wp-page" data-elementor-id="7397" class="elementor elementor-7397" data-elementor-post-type="page">
						<section class="elementor-section elementor-top-section elementor-element elementor-element-6eabaca elementor-section-boxed elementor-section-height-default elementor-section-height-default" data-id="6eabaca" data-element_type="section" data-e-type="section">
						<div class="elementor-container elementor-column-gap-default">
					<div class="elementor-column elementor-col-100 elementor-top-column elementor-element elementor-element-4cf1744" data-id="4cf1744" data-element_type="column" data-e-type="column">
			<div class="elementor-widget-wrap elementor-element-populated">
						<section class="elementor-section elementor-inner-section elementor-element elementor-element-401b16e elementor-section-boxed elementor-section-height-default elementor-section-height-default" data-id="401b16e" data-element_type="section" data-e-type="section">
						<div class="elementor-container elementor-column-gap-default">
					<div class="elementor-column elementor-col-50 elementor-inner-column elementor-element elementor-element-00fc73c" data-id="00fc73c" data-element_type="column" data-e-type="column">
			<div class="elementor-widget-wrap elementor-element-populated">
						<div class="elementor-element elementor-element-9169afe elementor-widget elementor-widget-text-editor" data-id="9169afe" data-element_type="widget" data-e-type="widget" data-widget_type="text-editor.default">
				<div class="elementor-widget-container">
									<p><span lang="IT">I dodici autori del libro &#8220;Esposizione, foto-racconti&#8221; hanno maturato l’idea di realizzare un’opera che fosse più di un libro: una raccolta di ventuno svariate storie, un miscuglio di cose diverse, sia di vita quotidiana che di fantasia, spremendo al massimo la propria inventiva.</span></p><p><span lang="IT">La sfida proposta agli autori di questo libro è giusto l’opposto di quella lanciata nel precedente lavoro, “10 autori in cerca di personaggio”, in cui le storie erano state create a partire di immagini. Questa volta le storie sono state scritte prima, servendo quali fonti di ispirazione per i fotografi e diventando così un filo comune a tutti i racconti, unici e diversi tra di loro. Ciascuno degli autori ha curato sì la propria parte, ma sempre in sinergia con il resto del team.</span></p><p><span lang="IT">Una volta scritto il contenuto, occorreva un nome e una copertina per avvolgerlo con proprietà. La scelta è ricaduta sulla parola Esposizione, che si adatta alla nostra opera in più di una delle sue accezioni: come interpretazione o narrazione dei fatti e come tempo di apertura dell’obiettivo di un apparecchio fotografico. La definizione Treccani, precisa nelle sfumature, ci viene in aiuto.</span></p>								</div>
				</div>
					</div>
		</div>
				<div class="elementor-column elementor-col-50 elementor-inner-column elementor-element elementor-element-50dd81a" data-id="50dd81a" data-element_type="column" data-e-type="column">
			<div class="elementor-widget-wrap elementor-element-populated">
						<div class="elementor-element elementor-element-efd6495 elementor-widget elementor-widget-text-editor" data-id="efd6495" data-element_type="widget" data-e-type="widget" data-widget_type="text-editor.default">
				<div class="elementor-widget-container">
									<h4><span lang="EN-GB" style="font-size: 18.0pt;line-height: 115%;font-family: Arial">Immagini abbinate a racconti che</span><span lang="ES-TRAD" style="font-size: 18.0pt;line-height: 115%;font-family: Arial"> arricchiscono</span><span lang="EN-GB" style="font-size: 18.0pt;line-height: 115%;font-family: Arial"> di nuovi elementi le intere storie</span></h4>								</div>
				</div>
				<div class="elementor-element elementor-element-f62c79d elementor-widget elementor-widget-image" data-id="f62c79d" data-element_type="widget" data-e-type="widget" data-widget_type="image.default">
				<div class="elementor-widget-container">
															<img decoding="async" src="https://83418066-464294297603338822.preview.editmysite.com/uploads/8/3/4/1/83418066/copertina-libro-espossizione_orig.png" title="" alt="" loading="lazy" />															</div>
				</div>
					</div>
		</div>
					</div>
		</section>
				<div class="elementor-element elementor-element-90836d1 elementor-widget-divider--view-line elementor-widget elementor-widget-divider" data-id="90836d1" data-element_type="widget" data-e-type="widget" data-widget_type="divider.default">
				<div class="elementor-widget-container">
							<div class="elementor-divider">
			<span class="elementor-divider-separator">
						</span>
		</div>
						</div>
				</div>
					</div>
		</div>
					</div>
		</section>
		<div class="elementor-element elementor-element-a38291c e-flex e-con-boxed e-con e-parent" data-id="a38291c" data-element_type="container" data-e-type="container">
					<div class="e-con-inner">
				<div class="elementor-element elementor-element-71b9d71 elementor-widget elementor-widget-text-editor" data-id="71b9d71" data-element_type="widget" data-e-type="widget" data-widget_type="text-editor.default">
				<div class="elementor-widget-container">
									<p><span lang="IT">Il libro è disponibile esclusivamente in biblioteca ACE, non è in vendita al pubblico. Tuttavia, la versione PDF può essere utilizzata gratuitamente come e-book. <strong>Puoi sfogliare le pagine sullo schermo del tuo computer</strong>. Puoi anche scaricare il PDF per usarlo su tablet o Kindle.</span></p>								</div>
				</div>
					</div>
				</div>
		<div class="elementor-element elementor-element-2f58838 e-flex e-con-boxed e-con e-parent" data-id="2f58838" data-element_type="container" data-e-type="container">
					<div class="e-con-inner">
				<div class="elementor-element elementor-element-5802f68 elementor-widget elementor-widget-embedpress_pdf" data-id="5802f68" data-element_type="widget" data-e-type="widget" data-widget_type="embedpress_pdf.default">
				<div class="elementor-widget-container">
					    <div class="embedpress-document-embed ep-doc-ad7f930b75ff9bcf138d9067710b1cff ose-document emebedpress-unit-percent " data-thememode="default" data-customcolor="" data-toolbar="yes" data-toolbar-position="top" data-open="no" data-presentation-mode="yes" data-download="yes" data-copy="yes" data-add-image="yes" data-rotate="yes" data-details="yes" data-id="embedpress-pdf-5802f68" data-selection-tool="0" data-scrolling="0" data-spreads="-1" style=" max-width:100%; display: inline-block">

        
                <div >

                    <div id="ep-elementor-content-5802f68" class="ep-elementor-content   ep-percentage-width   ep-content-protection-disabled">
                        <div id="5802f68" class="ep-embed-content-wraper">
                            <div><iframe title="Libro Esposizione" class="embedpress-embed-document-pdf embedpress-pdf-5802f68" style="width: 600%!important;height: 600px;; max-width:100%; display: inline-block" src="https://www.associazione-culturale-europea.eu/wp-admin/admin-ajax.php?action=get_flipbook_viewer&#038;file=https%3A%2F%2Fwww.associazione-culturale-europea.eu%2Fwp-content%2Fuploads%2F2022%2F12%2FLibro-Esposizione.pdf&#038;key=dGhlbWVNb2RlPWRlZmF1bHQmdG9vbGJhcj10cnVlJnBvc2l0aW9uPXRvcCZwcmVzZW50YXRpb249dHJ1ZSZsYXp5TG9hZD1mYWxzZSZkb3dubG9hZD10cnVlJmNvcHlfdGV4dD10cnVlJmFkZF90ZXh0PXRydWUmZHJhdz10cnVlJmFkZF9pbWFnZT10cnVlJnBkZl9yb3RhdGlvbj10cnVlJnBkZl9kZXRhaWxzPXRydWUmem9vbV9pbj10cnVlJnpvb21fb3V0PXRydWUmZml0X3ZpZXc9dHJ1ZSZib29rbWFyaz10cnVlJnNvdW5kPXRydWUmZmxpcGJvb2tfdG9vbGJhcl9wb3NpdGlvbj1ib3R0b20mc2VsZWN0aW9uX3Rvb2w9MCZzY3JvbGxpbmc9MCZzcHJlYWRzPS0xJmlzX3Byb19hY3RpdmU9MCZwYWdlTnVtYmVyPTEmd2F0ZXJtYXJrX3RleHQ9JndhdGVybWFya19mb250X3NpemU9NDgmd2F0ZXJtYXJrX2NvbG9yPSUyMzAwMDAwMCZ3YXRlcm1hcmtfb3BhY2l0eT0xNSZ3YXRlcm1hcmtfc3R5bGU9Y2VudGVy" class="embedpress-embed-document-pdf embedpress-pdf-5802f68" data-emid="embedpress-pdf-5802f68" data-embed-type="PDF" frameborder="0"></iframe><p class="embedpress-el-powered">Powered By EmbedPress</p></div>                        </div>

                    </div>


                   
                </div>
            
    </div>

				</div>
				</div>
					</div>
				</div>
		<div class="elementor-element elementor-element-bde6d91 e-flex e-con-boxed e-con e-parent" data-id="bde6d91" data-element_type="container" data-e-type="container">
					<div class="e-con-inner">
		<div class="elementor-element elementor-element-73ddd42 e-con-full e-flex e-con e-child" data-id="73ddd42" data-element_type="container" data-e-type="container">
				<div class="elementor-element elementor-element-bbc94cf elementor-align-right elementor-widget elementor-widget-button" data-id="bbc94cf" data-element_type="widget" data-e-type="widget" data-widget_type="button.default">
				<div class="elementor-widget-container">
									<div class="elementor-button-wrapper">
					<a class="elementor-button elementor-button-link elementor-size-sm" href="https://www.associazione-culturale-europea.eu/index.php/page-for-the-scrittura-creativa-group/">
						<span class="elementor-button-content-wrapper">
									<span class="elementor-button-text">Tornare al menu principale</span>
					</span>
					</a>
				</div>
								</div>
				</div>
				</div>
		<div class="elementor-element elementor-element-5048902 e-con-full e-flex e-con e-child" data-id="5048902" data-element_type="container" data-e-type="container">
				<div class="elementor-element elementor-element-6b83683 elementor-widget elementor-widget-button" data-id="6b83683" data-element_type="widget" data-e-type="widget" data-widget_type="button.default">
				<div class="elementor-widget-container">
									<div class="elementor-button-wrapper">
					<a class="elementor-button elementor-button-link elementor-size-sm" href="https://www.associazione-culturale-europea.eu/index.php/nostri-libri-casarecci/">
						<span class="elementor-button-content-wrapper">
									<span class="elementor-button-text">Tornare al munu "i nostri libri casarecci"</span>
					</span>
					</a>
				</div>
								</div>
				</div>
				</div>
					</div>
				</div>
				</div>

<p>I dodici autori del libro &#8220;Esposizione, foto-racconti&#8221; hanno maturato l’idea di realizzare un’opera che fosse più di un libro: una raccolta di ventuno svariate storie, un miscuglio di cose diverse, sia di vita quotidiana che di fantasia, spremendo al massimo la propria inventiva. La sfida proposta agli autori di questo libro è giusto l’opposto di [&hellip;]</p>
