{"id":16249,"date":"2025-12-15T14:59:45","date_gmt":"2025-12-15T13:59:45","guid":{"rendered":"https:\/\/www.associazione-culturale-europea.eu\/?page_id=16249"},"modified":"2025-12-15T14:59:45","modified_gmt":"2025-12-15T13:59:45","slug":"libro-vette-e-sentieri-racconti-dalla-montagna","status":"publish","type":"page","link":"https:\/\/www.associazione-culturale-europea.eu\/index.php\/libro-vette-e-sentieri-racconti-dalla-montagna\/","title":{"rendered":"LIBRO VETTE E SENTIERI: RACCONTI DALLA MONTAGNA"},"content":{"rendered":"\t\t<div data-elementor-type=\"wp-page\" data-elementor-id=\"16249\" class=\"elementor elementor-16249\" data-elementor-post-type=\"page\">\n\t\t\t\t<div class=\"elementor-element elementor-element-0a11e2d e-grid e-con-boxed e-con e-parent\" data-id=\"0a11e2d\" data-element_type=\"container\" data-e-type=\"container\">\n\t\t\t\t\t<div class=\"e-con-inner\">\n\t\t\t\t<div class=\"elementor-element elementor-element-edd7721 elementor-widget elementor-widget-image\" data-id=\"edd7721\" data-element_type=\"widget\" data-e-type=\"widget\" data-widget_type=\"image.default\">\n\t\t\t\t<div class=\"elementor-widget-container\">\n\t\t\t\t\t\t\t\t\t\t\t\t\t\t\t<img decoding=\"async\" width=\"300\" height=\"136\" src=\"https:\/\/www.associazione-culturale-europea.eu\/wp-content\/uploads\/2024\/09\/ACE_logo_whatsapp-300x136.png\" class=\"attachment-medium size-medium wp-image-12790\" alt=\"\" srcset=\"https:\/\/www.associazione-culturale-europea.eu\/wp-content\/uploads\/2024\/09\/ACE_logo_whatsapp-300x136.png 300w, https:\/\/www.associazione-culturale-europea.eu\/wp-content\/uploads\/2024\/09\/ACE_logo_whatsapp.png 500w\" sizes=\"(max-width: 300px) 100vw, 300px\" \/>\t\t\t\t\t\t\t\t\t\t\t\t\t\t\t<\/div>\n\t\t\t\t<\/div>\n\t\t\t\t<div class=\"elementor-element elementor-element-b339c36 elementor-widget elementor-widget-image\" data-id=\"b339c36\" data-element_type=\"widget\" data-e-type=\"widget\" data-widget_type=\"image.default\">\n\t\t\t\t<div class=\"elementor-widget-container\">\n\t\t\t\t\t\t\t\t\t\t\t\t\t\t\t<img decoding=\"async\" width=\"150\" height=\"150\" src=\"https:\/\/www.associazione-culturale-europea.eu\/wp-content\/uploads\/2025\/02\/jrc-dance-club-150x150.png\" class=\"attachment-thumbnail size-thumbnail wp-image-14020\" alt=\"\" srcset=\"https:\/\/www.associazione-culturale-europea.eu\/wp-content\/uploads\/2025\/02\/jrc-dance-club-150x150.png 150w, https:\/\/www.associazione-culturale-europea.eu\/wp-content\/uploads\/2025\/02\/jrc-dance-club-300x300.png 300w\" sizes=\"(max-width: 150px) 100vw, 150px\" \/>\t\t\t\t\t\t\t\t\t\t\t\t\t\t\t<\/div>\n\t\t\t\t<\/div>\n\t\t\t\t\t<\/div>\n\t\t\t\t<\/div>\n\t\t<div class=\"elementor-element elementor-element-3b479dc e-flex e-con-boxed e-con e-parent\" data-id=\"3b479dc\" data-element_type=\"container\" data-e-type=\"container\">\n\t\t\t\t\t<div class=\"e-con-inner\">\n\t\t\t\t<div class=\"elementor-element elementor-element-fd0bd26 elementor-widget-divider--view-line elementor-widget elementor-widget-divider\" data-id=\"fd0bd26\" data-element_type=\"widget\" data-e-type=\"widget\" data-widget_type=\"divider.default\">\n\t\t\t\t<div class=\"elementor-widget-container\">\n\t\t\t\t\t\t\t<div class=\"elementor-divider\">\n\t\t\t<span class=\"elementor-divider-separator\">\n\t\t\t\t\t\t<\/span>\n\t\t<\/div>\n\t\t\t\t\t\t<\/div>\n\t\t\t\t<\/div>\n\t\t\t\t\t<\/div>\n\t\t\t\t<\/div>\n\t\t<div class=\"elementor-element elementor-element-8a4dcb7 e-grid e-con-boxed e-con e-parent\" data-id=\"8a4dcb7\" data-element_type=\"container\" data-e-type=\"container\">\n\t\t\t\t\t<div class=\"e-con-inner\">\n\t\t\t\t<div class=\"elementor-element elementor-element-ab604a5 elementor-widget elementor-widget-image\" data-id=\"ab604a5\" data-element_type=\"widget\" data-e-type=\"widget\" data-widget_type=\"image.default\">\n\t\t\t\t<div class=\"elementor-widget-container\">\n\t\t\t\t\t\t\t\t\t\t\t\t\t\t\t<img decoding=\"async\" src=\"https:\/\/assets.lulu.com\/cover_thumbs\/r\/m\/rm8rzzv-front-shortedge-384.jpg\" title=\"\" alt=\"\" loading=\"lazy\" \/>\t\t\t\t\t\t\t\t\t\t\t\t\t\t\t<\/div>\n\t\t\t\t<\/div>\n\t\t\t\t<div class=\"elementor-element elementor-element-f304c2c elementor-widget elementor-widget-text-editor\" data-id=\"f304c2c\" data-element_type=\"widget\" data-e-type=\"widget\" data-widget_type=\"text-editor.default\">\n\t\t\t\t<div class=\"elementor-widget-container\">\n\t\t\t\t\t\t\t\t\t<p>Il libro \u00e8 disponibile esclusivamente in biblioteca ACE, non \u00e8 in vendita al pubblico. Tuttavia, la versione PDF pu\u00f2 essere utilizzata gratuitamente come e-book. Puoi sfogliare le pagine sullo schermo del tuo computer. Puoi anche scaricare il PDF per usarlo su tablet o Kindle.<\/p>\t\t\t\t\t\t\t\t<\/div>\n\t\t\t\t<\/div>\n\t\t\t\t\t<\/div>\n\t\t\t\t<\/div>\n\t\t<div class=\"elementor-element elementor-element-141a10d e-flex e-con-boxed e-con e-parent\" data-id=\"141a10d\" data-element_type=\"container\" data-e-type=\"container\">\n\t\t\t\t\t<div class=\"e-con-inner\">\n\t\t\t\t<div class=\"elementor-element elementor-element-f487c58 elementor-widget-divider--view-line elementor-widget elementor-widget-divider\" data-id=\"f487c58\" data-element_type=\"widget\" data-e-type=\"widget\" data-widget_type=\"divider.default\">\n\t\t\t\t<div class=\"elementor-widget-container\">\n\t\t\t\t\t\t\t<div class=\"elementor-divider\">\n\t\t\t<span class=\"elementor-divider-separator\">\n\t\t\t\t\t\t<\/span>\n\t\t<\/div>\n\t\t\t\t\t\t<\/div>\n\t\t\t\t<\/div>\n\t\t\t\t\t<\/div>\n\t\t\t\t<\/div>\n\t\t<div class=\"elementor-element elementor-element-4d86975 e-flex e-con-boxed e-con e-parent\" data-id=\"4d86975\" data-element_type=\"container\" data-e-type=\"container\">\n\t\t\t\t\t<div class=\"e-con-inner\">\n\t\t\t\t<div class=\"elementor-element elementor-element-26a075d elementor-widget elementor-widget-embedpress_pdf\" data-id=\"26a075d\" data-element_type=\"widget\" data-e-type=\"widget\" data-widget_type=\"embedpress_pdf.default\">\n\t\t\t\t<div class=\"elementor-widget-container\">\n\t\t\t\t\t    <div class=\"embedpress-document-embed ep-doc-bb4ed59fd307a5791452c2f0db65cca6 ose-document emebedpress-unit-percent \" data-thememode=\"default\" data-customcolor=\"\" data-toolbar=\"yes\" data-toolbar-position=\"top\" data-open=\"no\" data-presentation-mode=\"yes\" data-download=\"yes\" data-copy=\"yes\" data-add-image=\"yes\" data-rotate=\"yes\" data-details=\"yes\" data-id=\"embedpress-pdf-26a075d\" data-selection-tool=\"0\" data-scrolling=\"0\" data-spreads=\"-1\" style=\" max-width:100%; display: inline-block\">\n\n        \n                <div >\n\n                    <div id=\"ep-elementor-content-26a075d\" class=\"ep-elementor-content   ep-percentage-width   ep-content-protection-disabled\">\n                        <div id=\"26a075d\" class=\"ep-embed-content-wraper\">\n                            <div><iframe title=\"Vette e sentieri VF ristampa\" class=\"embedpress-embed-document-pdf embedpress-pdf-26a075d\" style=\"width: 600%!important;height: 600px;; max-width:100%; display: inline-block\" src=\"https:\/\/www.associazione-culturale-europea.eu\/wp-admin\/admin-ajax.php?action=get_flipbook_viewer&#038;file=https%3A%2F%2Fwww.associazione-culturale-europea.eu%2Fwp-content%2Fuploads%2F2024%2F12%2FVette-e-sentieri-VF-ristampa.pdf&#038;key=dGhlbWVNb2RlPWRlZmF1bHQmdG9vbGJhcj10cnVlJnBvc2l0aW9uPXRvcCZwcmVzZW50YXRpb249dHJ1ZSZsYXp5TG9hZD1mYWxzZSZkb3dubG9hZD10cnVlJmNvcHlfdGV4dD10cnVlJmFkZF90ZXh0PXRydWUmZHJhdz10cnVlJmFkZF9pbWFnZT10cnVlJnBkZl9yb3RhdGlvbj10cnVlJnBkZl9kZXRhaWxzPXRydWUmem9vbV9pbj10cnVlJnpvb21fb3V0PXRydWUmZml0X3ZpZXc9dHJ1ZSZib29rbWFyaz10cnVlJnNvdW5kPXRydWUmZmxpcGJvb2tfdG9vbGJhcl9wb3NpdGlvbj1ib3R0b20mc2VsZWN0aW9uX3Rvb2w9MCZzY3JvbGxpbmc9MCZzcHJlYWRzPS0xJmlzX3Byb19hY3RpdmU9MCZwYWdlTnVtYmVyPTEmd2F0ZXJtYXJrX3RleHQ9JndhdGVybWFya19mb250X3NpemU9NDgmd2F0ZXJtYXJrX2NvbG9yPSUyMzAwMDAwMCZ3YXRlcm1hcmtfb3BhY2l0eT0xNSZ3YXRlcm1hcmtfc3R5bGU9Y2VudGVy\" class=\"embedpress-embed-document-pdf embedpress-pdf-26a075d\" data-emid=\"embedpress-pdf-26a075d\" data-embed-type=\"PDF\" frameborder=\"0\"><\/iframe><p class=\"embedpress-el-powered\">Powered By EmbedPress<\/p><\/div>                        <\/div>\n\n                    <\/div>\n\n\n                   \n                <\/div>\n            \n    <\/div>\n\n\t\t\t\t<\/div>\n\t\t\t\t<\/div>\n\t\t\t\t\t<\/div>\n\t\t\t\t<\/div>\n\t\t<div class=\"elementor-element elementor-element-e56f6b4 e-flex e-con-boxed e-con e-parent\" data-id=\"e56f6b4\" data-element_type=\"container\" data-e-type=\"container\">\n\t\t\t\t\t<div class=\"e-con-inner\">\n\t\t\t\t<div class=\"elementor-element elementor-element-14914e4 elementor-widget-divider--view-line elementor-widget elementor-widget-divider\" data-id=\"14914e4\" data-element_type=\"widget\" data-e-type=\"widget\" data-widget_type=\"divider.default\">\n\t\t\t\t<div class=\"elementor-widget-container\">\n\t\t\t\t\t\t\t<div class=\"elementor-divider\">\n\t\t\t<span class=\"elementor-divider-separator\">\n\t\t\t\t\t\t<\/span>\n\t\t<\/div>\n\t\t\t\t\t\t<\/div>\n\t\t\t\t<\/div>\n\t\t\t\t\t<\/div>\n\t\t\t\t<\/div>\n\t\t<div class=\"elementor-element elementor-element-8f147d7 e-flex e-con-boxed e-con e-parent\" data-id=\"8f147d7\" data-element_type=\"container\" data-e-type=\"container\">\n\t\t\t\t\t<div class=\"e-con-inner\">\n\t\t\t\t<div class=\"elementor-element elementor-element-2e73ade elementor-align-center elementor-widget elementor-widget-button\" data-id=\"2e73ade\" data-element_type=\"widget\" data-e-type=\"widget\" data-widget_type=\"button.default\">\n\t\t\t\t<div class=\"elementor-widget-container\">\n\t\t\t\t\t\t\t\t\t<div class=\"elementor-button-wrapper\">\n\t\t\t\t\t<a class=\"elementor-button elementor-button-link elementor-size-sm\" href=\"https:\/\/www.associazione-culturale-europea.eu\/index.php\/page-for-the-scrittura-creativa-group\/\">\n\t\t\t\t\t\t<span class=\"elementor-button-content-wrapper\">\n\t\t\t\t\t\t\t\t\t<span class=\"elementor-button-text\">Tornare al menu principale<\/span>\n\t\t\t\t\t<\/span>\n\t\t\t\t\t<\/a>\n\t\t\t\t<\/div>\n\t\t\t\t\t\t\t\t<\/div>\n\t\t\t\t<\/div>\n\t\t\t\t\t<\/div>\n\t\t\t\t<\/div>\n\t\t<div class=\"elementor-element elementor-element-80de9cd e-flex e-con-boxed e-con e-parent\" data-id=\"80de9cd\" data-element_type=\"container\" data-e-type=\"container\">\n\t\t\t\t\t<div class=\"e-con-inner\">\n\t\t\t\t<div class=\"elementor-element elementor-element-0bcc7d2 elementor-align-center elementor-widget elementor-widget-button\" data-id=\"0bcc7d2\" data-element_type=\"widget\" data-e-type=\"widget\" data-widget_type=\"button.default\">\n\t\t\t\t<div class=\"elementor-widget-container\">\n\t\t\t\t\t\t\t\t\t<div class=\"elementor-button-wrapper\">\n\t\t\t\t\t<a class=\"elementor-button elementor-button-link elementor-size-sm\" href=\"https:\/\/www.associazione-culturale-europea.eu\/index.php\/nostri-libri-casarecci\/\">\n\t\t\t\t\t\t<span class=\"elementor-button-content-wrapper\">\n\t\t\t\t\t\t\t\t\t<span class=\"elementor-button-text\">Tornare al menu \"i Nostri libri casarecci\"<\/span>\n\t\t\t\t\t<\/span>\n\t\t\t\t\t<\/a>\n\t\t\t\t<\/div>\n\t\t\t\t\t\t\t\t<\/div>\n\t\t\t\t<\/div>\n\t\t\t\t\t<\/div>\n\t\t\t\t<\/div>\n\t\t\t\t<\/div>\n\t\t","protected":false},"excerpt":{"rendered":"<p>Il libro \u00e8 disponibile esclusivamente in biblioteca ACE, non \u00e8 in vendita al pubblico. Tuttavia, la versione PDF pu\u00f2 essere utilizzata gratuitamente come e-book. Puoi sfogliare le pagine sullo schermo del tuo computer. Puoi anche scaricare il PDF per usarlo su tablet o Kindle. Powered By EmbedPress Tornare al menu principale Tornare al menu &#8220;i [&hellip;]<\/p>\n","protected":false},"author":18,"featured_media":0,"parent":0,"menu_order":0,"comment_status":"closed","ping_status":"closed","template":"template\/fullwidth.php","meta":{"footnotes":""},"class_list":["post-16249","page","type-page","status-publish","hentry"],"_links":{"self":[{"href":"https:\/\/www.associazione-culturale-europea.eu\/index.php\/wp-json\/wp\/v2\/pages\/16249","targetHints":{"allow":["GET"]}}],"collection":[{"href":"https:\/\/www.associazione-culturale-europea.eu\/index.php\/wp-json\/wp\/v2\/pages"}],"about":[{"href":"https:\/\/www.associazione-culturale-europea.eu\/index.php\/wp-json\/wp\/v2\/types\/page"}],"author":[{"embeddable":true,"href":"https:\/\/www.associazione-culturale-europea.eu\/index.php\/wp-json\/wp\/v2\/users\/18"}],"replies":[{"embeddable":true,"href":"https:\/\/www.associazione-culturale-europea.eu\/index.php\/wp-json\/wp\/v2\/comments?post=16249"}],"version-history":[{"count":11,"href":"https:\/\/www.associazione-culturale-europea.eu\/index.php\/wp-json\/wp\/v2\/pages\/16249\/revisions"}],"predecessor-version":[{"id":16260,"href":"https:\/\/www.associazione-culturale-europea.eu\/index.php\/wp-json\/wp\/v2\/pages\/16249\/revisions\/16260"}],"wp:attachment":[{"href":"https:\/\/www.associazione-culturale-europea.eu\/index.php\/wp-json\/wp\/v2\/media?parent=16249"}],"curies":[{"name":"wp","href":"https:\/\/api.w.org\/{rel}","templated":true}]}}

<div data-elementor-type="wp-page" data-elementor-id="16249" class="elementor elementor-16249" data-elementor-post-type="page">
				<div class="elementor-element elementor-element-0a11e2d e-grid e-con-boxed e-con e-parent" data-id="0a11e2d" data-element_type="container" data-e-type="container">
					<div class="e-con-inner">
				<div class="elementor-element elementor-element-edd7721 elementor-widget elementor-widget-image" data-id="edd7721" data-element_type="widget" data-e-type="widget" data-widget_type="image.default">
				<div class="elementor-widget-container">
															<img decoding="async" width="300" height="136" src="https://www.associazione-culturale-europea.eu/wp-content/uploads/2024/09/ACE_logo_whatsapp-300x136.png" class="attachment-medium size-medium wp-image-12790" alt="" srcset="https://www.associazione-culturale-europea.eu/wp-content/uploads/2024/09/ACE_logo_whatsapp-300x136.png 300w, https://www.associazione-culturale-europea.eu/wp-content/uploads/2024/09/ACE_logo_whatsapp.png 500w" sizes="(max-width: 300px) 100vw, 300px" />															</div>
				</div>
				<div class="elementor-element elementor-element-b339c36 elementor-widget elementor-widget-image" data-id="b339c36" data-element_type="widget" data-e-type="widget" data-widget_type="image.default">
				<div class="elementor-widget-container">
															<img decoding="async" width="150" height="150" src="https://www.associazione-culturale-europea.eu/wp-content/uploads/2025/02/jrc-dance-club-150x150.png" class="attachment-thumbnail size-thumbnail wp-image-14020" alt="" srcset="https://www.associazione-culturale-europea.eu/wp-content/uploads/2025/02/jrc-dance-club-150x150.png 150w, https://www.associazione-culturale-europea.eu/wp-content/uploads/2025/02/jrc-dance-club-300x300.png 300w" sizes="(max-width: 150px) 100vw, 150px" />															</div>
				</div>
					</div>
				</div>
		<div class="elementor-element elementor-element-3b479dc e-flex e-con-boxed e-con e-parent" data-id="3b479dc" data-element_type="container" data-e-type="container">
					<div class="e-con-inner">
				<div class="elementor-element elementor-element-fd0bd26 elementor-widget-divider--view-line elementor-widget elementor-widget-divider" data-id="fd0bd26" data-element_type="widget" data-e-type="widget" data-widget_type="divider.default">
				<div class="elementor-widget-container">
							<div class="elementor-divider">
			<span class="elementor-divider-separator">
						</span>
		</div>
						</div>
				</div>
					</div>
				</div>
		<div class="elementor-element elementor-element-8a4dcb7 e-grid e-con-boxed e-con e-parent" data-id="8a4dcb7" data-element_type="container" data-e-type="container">
					<div class="e-con-inner">
				<div class="elementor-element elementor-element-ab604a5 elementor-widget elementor-widget-image" data-id="ab604a5" data-element_type="widget" data-e-type="widget" data-widget_type="image.default">
				<div class="elementor-widget-container">
															<img decoding="async" src="https://assets.lulu.com/cover_thumbs/r/m/rm8rzzv-front-shortedge-384.jpg" title="" alt="" loading="lazy" />															</div>
				</div>
				<div class="elementor-element elementor-element-f304c2c elementor-widget elementor-widget-text-editor" data-id="f304c2c" data-element_type="widget" data-e-type="widget" data-widget_type="text-editor.default">
				<div class="elementor-widget-container">
									<p>Il libro è disponibile esclusivamente in biblioteca ACE, non è in vendita al pubblico. Tuttavia, la versione PDF può essere utilizzata gratuitamente come e-book. Puoi sfogliare le pagine sullo schermo del tuo computer. Puoi anche scaricare il PDF per usarlo su tablet o Kindle.</p>								</div>
				</div>
					</div>
				</div>
		<div class="elementor-element elementor-element-141a10d e-flex e-con-boxed e-con e-parent" data-id="141a10d" data-element_type="container" data-e-type="container">
					<div class="e-con-inner">
				<div class="elementor-element elementor-element-f487c58 elementor-widget-divider--view-line elementor-widget elementor-widget-divider" data-id="f487c58" data-element_type="widget" data-e-type="widget" data-widget_type="divider.default">
				<div class="elementor-widget-container">
							<div class="elementor-divider">
			<span class="elementor-divider-separator">
						</span>
		</div>
						</div>
				</div>
					</div>
				</div>
		<div class="elementor-element elementor-element-4d86975 e-flex e-con-boxed e-con e-parent" data-id="4d86975" data-element_type="container" data-e-type="container">
					<div class="e-con-inner">
				<div class="elementor-element elementor-element-26a075d elementor-widget elementor-widget-embedpress_pdf" data-id="26a075d" data-element_type="widget" data-e-type="widget" data-widget_type="embedpress_pdf.default">
				<div class="elementor-widget-container">
					    <div class="embedpress-document-embed ep-doc-bb4ed59fd307a5791452c2f0db65cca6 ose-document emebedpress-unit-percent " data-thememode="default" data-customcolor="" data-toolbar="yes" data-toolbar-position="top" data-open="no" data-presentation-mode="yes" data-download="yes" data-copy="yes" data-add-image="yes" data-rotate="yes" data-details="yes" data-id="embedpress-pdf-26a075d" data-selection-tool="0" data-scrolling="0" data-spreads="-1" style=" max-width:100%; display: inline-block">

        
                <div >

                    <div id="ep-elementor-content-26a075d" class="ep-elementor-content   ep-percentage-width   ep-content-protection-disabled">
                        <div id="26a075d" class="ep-embed-content-wraper">
                            <div><iframe title="Vette e sentieri VF ristampa" class="embedpress-embed-document-pdf embedpress-pdf-26a075d" style="width: 600%!important;height: 600px;; max-width:100%; display: inline-block" src="https://www.associazione-culturale-europea.eu/wp-admin/admin-ajax.php?action=get_flipbook_viewer&#038;file=https%3A%2F%2Fwww.associazione-culturale-europea.eu%2Fwp-content%2Fuploads%2F2024%2F12%2FVette-e-sentieri-VF-ristampa.pdf&#038;key=dGhlbWVNb2RlPWRlZmF1bHQmdG9vbGJhcj10cnVlJnBvc2l0aW9uPXRvcCZwcmVzZW50YXRpb249dHJ1ZSZsYXp5TG9hZD1mYWxzZSZkb3dubG9hZD10cnVlJmNvcHlfdGV4dD10cnVlJmFkZF90ZXh0PXRydWUmZHJhdz10cnVlJmFkZF9pbWFnZT10cnVlJnBkZl9yb3RhdGlvbj10cnVlJnBkZl9kZXRhaWxzPXRydWUmem9vbV9pbj10cnVlJnpvb21fb3V0PXRydWUmZml0X3ZpZXc9dHJ1ZSZib29rbWFyaz10cnVlJnNvdW5kPXRydWUmZmxpcGJvb2tfdG9vbGJhcl9wb3NpdGlvbj1ib3R0b20mc2VsZWN0aW9uX3Rvb2w9MCZzY3JvbGxpbmc9MCZzcHJlYWRzPS0xJmlzX3Byb19hY3RpdmU9MCZwYWdlTnVtYmVyPTEmd2F0ZXJtYXJrX3RleHQ9JndhdGVybWFya19mb250X3NpemU9NDgmd2F0ZXJtYXJrX2NvbG9yPSUyMzAwMDAwMCZ3YXRlcm1hcmtfb3BhY2l0eT0xNSZ3YXRlcm1hcmtfc3R5bGU9Y2VudGVy" class="embedpress-embed-document-pdf embedpress-pdf-26a075d" data-emid="embedpress-pdf-26a075d" data-embed-type="PDF" frameborder="0"></iframe><p class="embedpress-el-powered">Powered By EmbedPress</p></div>                        </div>

                    </div>


                   
                </div>
            
    </div>

				</div>
				</div>
					</div>
				</div>
		<div class="elementor-element elementor-element-e56f6b4 e-flex e-con-boxed e-con e-parent" data-id="e56f6b4" data-element_type="container" data-e-type="container">
					<div class="e-con-inner">
				<div class="elementor-element elementor-element-14914e4 elementor-widget-divider--view-line elementor-widget elementor-widget-divider" data-id="14914e4" data-element_type="widget" data-e-type="widget" data-widget_type="divider.default">
				<div class="elementor-widget-container">
							<div class="elementor-divider">
			<span class="elementor-divider-separator">
						</span>
		</div>
						</div>
				</div>
					</div>
				</div>
		<div class="elementor-element elementor-element-8f147d7 e-flex e-con-boxed e-con e-parent" data-id="8f147d7" data-element_type="container" data-e-type="container">
					<div class="e-con-inner">
				<div class="elementor-element elementor-element-2e73ade elementor-align-center elementor-widget elementor-widget-button" data-id="2e73ade" data-element_type="widget" data-e-type="widget" data-widget_type="button.default">
				<div class="elementor-widget-container">
									<div class="elementor-button-wrapper">
					<a class="elementor-button elementor-button-link elementor-size-sm" href="https://www.associazione-culturale-europea.eu/index.php/page-for-the-scrittura-creativa-group/">
						<span class="elementor-button-content-wrapper">
									<span class="elementor-button-text">Tornare al menu principale</span>
					</span>
					</a>
				</div>
								</div>
				</div>
					</div>
				</div>
		<div class="elementor-element elementor-element-80de9cd e-flex e-con-boxed e-con e-parent" data-id="80de9cd" data-element_type="container" data-e-type="container">
					<div class="e-con-inner">
				<div class="elementor-element elementor-element-0bcc7d2 elementor-align-center elementor-widget elementor-widget-button" data-id="0bcc7d2" data-element_type="widget" data-e-type="widget" data-widget_type="button.default">
				<div class="elementor-widget-container">
									<div class="elementor-button-wrapper">
					<a class="elementor-button elementor-button-link elementor-size-sm" href="https://www.associazione-culturale-europea.eu/index.php/nostri-libri-casarecci/">
						<span class="elementor-button-content-wrapper">
									<span class="elementor-button-text">Tornare al menu "i Nostri libri casarecci"</span>
					</span>
					</a>
				</div>
								</div>
				</div>
					</div>
				</div>
				</div>

<p>Il libro è disponibile esclusivamente in biblioteca ACE, non è in vendita al pubblico. Tuttavia, la versione PDF può essere utilizzata gratuitamente come e-book. Puoi sfogliare le pagine sullo schermo del tuo computer. Puoi anche scaricare il PDF per usarlo su tablet o Kindle. Powered By EmbedPress Tornare al menu principale Tornare al menu &#8220;i [&hellip;]</p>
