{"id":15572,"date":"2025-11-21T13:32:21","date_gmt":"2025-11-21T12:32:21","guid":{"rendered":"https:\/\/www.associazione-culturale-europea.eu\/?page_id=15572"},"modified":"2025-12-15T12:00:47","modified_gmt":"2025-12-15T11:00:47","slug":"librone-dei-raccontini","status":"publish","type":"page","link":"https:\/\/www.associazione-culturale-europea.eu\/index.php\/librone-dei-raccontini\/","title":{"rendered":"Librone dei raccontini"},"content":{"rendered":"\t\t<div data-elementor-type=\"wp-page\" data-elementor-id=\"15572\" class=\"elementor elementor-15572\" data-elementor-post-type=\"page\">\n\t\t\t\t<div class=\"elementor-element elementor-element-efc6f98 e-flex e-con-boxed e-con e-parent\" data-id=\"efc6f98\" data-element_type=\"container\" data-e-type=\"container\">\n\t\t\t\t\t<div class=\"e-con-inner\">\n\t\t\t\t<div class=\"elementor-element elementor-element-79954e3 elementor-widget elementor-widget-text-editor\" data-id=\"79954e3\" data-element_type=\"widget\" data-e-type=\"widget\" data-widget_type=\"text-editor.default\">\n\t\t\t\t<div class=\"elementor-widget-container\">\n\t\t\t\t\t\t\t\t\t<h2>LIBRO COLLETTIVO<\/h2>\t\t\t\t\t\t\t\t<\/div>\n\t\t\t\t<\/div>\n\t\t\t\t\t<\/div>\n\t\t\t\t<\/div>\n\t\t<div class=\"elementor-element elementor-element-3936a5d e-grid e-con-boxed e-con e-parent\" data-id=\"3936a5d\" data-element_type=\"container\" data-e-type=\"container\">\n\t\t\t\t\t<div class=\"e-con-inner\">\n\t\t\t\t<div class=\"elementor-element elementor-element-3fc0275 elementor-widget elementor-widget-image\" data-id=\"3fc0275\" data-element_type=\"widget\" data-e-type=\"widget\" data-widget_type=\"image.default\">\n\t\t\t\t<div class=\"elementor-widget-container\">\n\t\t\t\t\t\t\t\t\t\t\t\t\t\t\t<img decoding=\"async\" width=\"1\" height=\"1\" src=\"https:\/\/www.associazione-culturale-europea.eu\/wp-content\/uploads\/2025\/12\/copertina-Librone-Versione-Finale.jpg\" class=\"attachment-large size-large wp-image-16239\" alt=\"\" \/>\t\t\t\t\t\t\t\t\t\t\t\t\t\t\t<\/div>\n\t\t\t\t<\/div>\n\t\t\t\t<div class=\"elementor-element elementor-element-239621d elementor-widget elementor-widget-text-editor\" data-id=\"239621d\" data-element_type=\"widget\" data-e-type=\"widget\" data-widget_type=\"text-editor.default\">\n\t\t\t\t<div class=\"elementor-widget-container\">\n\t\t\t\t\t\t\t\t\t<p>LIBRONE DEI RACCONTINI. RACCOLTA SMISURATA DI STORIE TASCABILI<\/p><p>Raccolta di trentadue racconti brevi illustrati, nata dalla collaborazione di ventuno autori del gruppo di Scrittura Creativa di Ispra. Le storie spaziano tra diversi generi, come avventura, fantastico, giallo, rosa, storico, e un capitolo speciale che abbiamo chiamato \u201cMondi Sospesi\u201d, dedicato a ci\u00f2 che sfugge a una precisa classificazione.<\/p><p><span lang=\"IT\">Il libro \u00e8 disponibile esclusivamente in biblioteca ACE, non \u00e8 in vendita al pubblico. Tuttavia, la versione PDF pu\u00f2 essere utilizzata gratuitamente come e-book. <strong>Puoi sfogliare le pagine sullo schermo del tuo computer<\/strong>. Puoi anche scaricare il PDF per usarlo su tablet o Kindle.<\/span><\/p>\t\t\t\t\t\t\t\t<\/div>\n\t\t\t\t<\/div>\n\t\t\t\t\t<\/div>\n\t\t\t\t<\/div>\n\t\t<div class=\"elementor-element elementor-element-4850ac8 e-flex e-con-boxed e-con e-parent\" data-id=\"4850ac8\" data-element_type=\"container\" data-e-type=\"container\">\n\t\t\t\t\t<div class=\"e-con-inner\">\n\t\t\t\t<div class=\"elementor-element elementor-element-efdea66 elementor-widget elementor-widget-embedpress_pdf\" data-id=\"efdea66\" data-element_type=\"widget\" data-e-type=\"widget\" data-widget_type=\"embedpress_pdf.default\">\n\t\t\t\t<div class=\"elementor-widget-container\">\n\t\t\t\t\t    <div class=\"embedpress-document-embed ep-doc-aca7726eaf4e0b2b30afecdbfe3fd244 ose-document emebedpress-unit-percent \" data-thememode=\"default\" data-customcolor=\"\" data-toolbar=\"yes\" data-toolbar-position=\"top\" data-open=\"no\" data-presentation-mode=\"yes\" data-download=\"yes\" data-copy=\"yes\" data-add-image=\"yes\" data-rotate=\"yes\" data-details=\"yes\" data-id=\"embedpress-pdf-efdea66\" data-selection-tool=\"0\" data-scrolling=\"0\" data-spreads=\"-1\" style=\" max-width:100%; display: inline-block\">\n\n        \n                <div >\n\n                    <div id=\"ep-elementor-content-efdea66\" class=\"ep-elementor-content   ep-percentage-width   ep-content-protection-disabled\">\n                        <div id=\"efdea66\" class=\"ep-embed-content-wraper\">\n                            <div><iframe title=\"librone dei raccontini_V QUASI FINALE bassa resoluzione\" class=\"embedpress-embed-document-pdf embedpress-pdf-efdea66\" style=\"width: 600%!important;height: 858px;; max-width:100%; display: inline-block\" src=\"https:\/\/www.associazione-culturale-europea.eu\/wp-admin\/admin-ajax.php?action=get_flipbook_viewer&#038;file=https%3A%2F%2Fwww.associazione-culturale-europea.eu%2Fwp-content%2Fuploads%2F2025%2F11%2Flibrone-dei-raccontini_V-QUASI-FINALE-bassa-resoluzione.pdf&#038;key=dGhlbWVNb2RlPWRlZmF1bHQmdG9vbGJhcj10cnVlJnBvc2l0aW9uPXRvcCZwcmVzZW50YXRpb249dHJ1ZSZsYXp5TG9hZD1mYWxzZSZkb3dubG9hZD10cnVlJmNvcHlfdGV4dD10cnVlJmFkZF90ZXh0PXRydWUmZHJhdz10cnVlJmFkZF9pbWFnZT10cnVlJnBkZl9yb3RhdGlvbj10cnVlJnBkZl9kZXRhaWxzPXRydWUmem9vbV9pbj10cnVlJnpvb21fb3V0PXRydWUmZml0X3ZpZXc9dHJ1ZSZib29rbWFyaz10cnVlJnNvdW5kPXRydWUmZmxpcGJvb2tfdG9vbGJhcl9wb3NpdGlvbj1ib3R0b20mc2VsZWN0aW9uX3Rvb2w9MCZzY3JvbGxpbmc9MCZzcHJlYWRzPS0xJmlzX3Byb19hY3RpdmU9MCZwYWdlTnVtYmVyPTEmd2F0ZXJtYXJrX3RleHQ9JndhdGVybWFya19mb250X3NpemU9NDgmd2F0ZXJtYXJrX2NvbG9yPSUyMzAwMDAwMCZ3YXRlcm1hcmtfb3BhY2l0eT0xNSZ3YXRlcm1hcmtfc3R5bGU9Y2VudGVy\" class=\"embedpress-embed-document-pdf embedpress-pdf-efdea66\" data-emid=\"embedpress-pdf-efdea66\" data-embed-type=\"PDF\" frameborder=\"0\"><\/iframe><p class=\"embedpress-el-powered\">Powered By EmbedPress<\/p><\/div>                        <\/div>\n\n                    <\/div>\n\n\n                   \n                <\/div>\n            \n    <\/div>\n\n\t\t\t\t<\/div>\n\t\t\t\t<\/div>\n\t\t\t\t\t<\/div>\n\t\t\t\t<\/div>\n\t\t<div class=\"elementor-element elementor-element-2b0f94b e-flex e-con-boxed e-con e-parent\" data-id=\"2b0f94b\" data-element_type=\"container\" data-e-type=\"container\">\n\t\t\t\t\t<div class=\"e-con-inner\">\n\t\t\t\t<div class=\"elementor-element elementor-element-5904c9d elementor-align-center elementor-widget elementor-widget-button\" data-id=\"5904c9d\" data-element_type=\"widget\" data-e-type=\"widget\" data-widget_type=\"button.default\">\n\t\t\t\t<div class=\"elementor-widget-container\">\n\t\t\t\t\t\t\t\t\t<div class=\"elementor-button-wrapper\">\n\t\t\t\t\t<a class=\"elementor-button elementor-button-link elementor-size-sm\" href=\"https:\/\/www.associazione-culturale-europea.eu\/index.php\/nostri-libri-casarecci\/\">\n\t\t\t\t\t\t<span class=\"elementor-button-content-wrapper\">\n\t\t\t\t\t\t\t\t\t<span class=\"elementor-button-text\">Tornare al menu nostri libri casarecci<\/span>\n\t\t\t\t\t<\/span>\n\t\t\t\t\t<\/a>\n\t\t\t\t<\/div>\n\t\t\t\t\t\t\t\t<\/div>\n\t\t\t\t<\/div>\n\t\t\t\t\t<\/div>\n\t\t\t\t<\/div>\n\t\t<div class=\"elementor-element elementor-element-a63a66b e-flex e-con-boxed e-con e-parent\" data-id=\"a63a66b\" data-element_type=\"container\" data-e-type=\"container\">\n\t\t\t\t\t<div class=\"e-con-inner\">\n\t\t\t\t<div class=\"elementor-element elementor-element-1015835 elementor-align-center elementor-widget elementor-widget-button\" data-id=\"1015835\" data-element_type=\"widget\" data-e-type=\"widget\" data-widget_type=\"button.default\">\n\t\t\t\t<div class=\"elementor-widget-container\">\n\t\t\t\t\t\t\t\t\t<div class=\"elementor-button-wrapper\">\n\t\t\t\t\t<a class=\"elementor-button elementor-button-link elementor-size-sm\" href=\"https:\/\/www.associazione-culturale-europea.eu\/index.php\/page-for-the-scrittura-creativa-group\/\">\n\t\t\t\t\t\t<span class=\"elementor-button-content-wrapper\">\n\t\t\t\t\t\t\t\t\t<span class=\"elementor-button-text\">Tornare al menu principale<\/span>\n\t\t\t\t\t<\/span>\n\t\t\t\t\t<\/a>\n\t\t\t\t<\/div>\n\t\t\t\t\t\t\t\t<\/div>\n\t\t\t\t<\/div>\n\t\t\t\t\t<\/div>\n\t\t\t\t<\/div>\n\t\t\t\t<\/div>\n\t\t","protected":false},"excerpt":{"rendered":"<p>LIBRO COLLETTIVO LIBRONE DEI RACCONTINI. RACCOLTA SMISURATA DI STORIE TASCABILI Raccolta di trentadue racconti brevi illustrati, nata dalla collaborazione di ventuno autori del gruppo di Scrittura Creativa di Ispra. Le storie spaziano tra diversi generi, come avventura, fantastico, giallo, rosa, storico, e un capitolo speciale che abbiamo chiamato \u201cMondi Sospesi\u201d, dedicato a ci\u00f2 che sfugge [&hellip;]<\/p>\n","protected":false},"author":18,"featured_media":0,"parent":0,"menu_order":0,"comment_status":"closed","ping_status":"closed","template":"template\/fullwidth.php","meta":{"footnotes":""},"class_list":["post-15572","page","type-page","status-publish","hentry"],"_links":{"self":[{"href":"https:\/\/www.associazione-culturale-europea.eu\/index.php\/wp-json\/wp\/v2\/pages\/15572","targetHints":{"allow":["GET"]}}],"collection":[{"href":"https:\/\/www.associazione-culturale-europea.eu\/index.php\/wp-json\/wp\/v2\/pages"}],"about":[{"href":"https:\/\/www.associazione-culturale-europea.eu\/index.php\/wp-json\/wp\/v2\/types\/page"}],"author":[{"embeddable":true,"href":"https:\/\/www.associazione-culturale-europea.eu\/index.php\/wp-json\/wp\/v2\/users\/18"}],"replies":[{"embeddable":true,"href":"https:\/\/www.associazione-culturale-europea.eu\/index.php\/wp-json\/wp\/v2\/comments?post=15572"}],"version-history":[{"count":35,"href":"https:\/\/www.associazione-culturale-europea.eu\/index.php\/wp-json\/wp\/v2\/pages\/15572\/revisions"}],"predecessor-version":[{"id":16248,"href":"https:\/\/www.associazione-culturale-europea.eu\/index.php\/wp-json\/wp\/v2\/pages\/15572\/revisions\/16248"}],"wp:attachment":[{"href":"https:\/\/www.associazione-culturale-europea.eu\/index.php\/wp-json\/wp\/v2\/media?parent=15572"}],"curies":[{"name":"wp","href":"https:\/\/api.w.org\/{rel}","templated":true}]}}

<div data-elementor-type="wp-page" data-elementor-id="15572" class="elementor elementor-15572" data-elementor-post-type="page">
				<div class="elementor-element elementor-element-efc6f98 e-flex e-con-boxed e-con e-parent" data-id="efc6f98" data-element_type="container" data-e-type="container">
					<div class="e-con-inner">
				<div class="elementor-element elementor-element-79954e3 elementor-widget elementor-widget-text-editor" data-id="79954e3" data-element_type="widget" data-e-type="widget" data-widget_type="text-editor.default">
				<div class="elementor-widget-container">
									<h2>LIBRO COLLETTIVO</h2>								</div>
				</div>
					</div>
				</div>
		<div class="elementor-element elementor-element-3936a5d e-grid e-con-boxed e-con e-parent" data-id="3936a5d" data-element_type="container" data-e-type="container">
					<div class="e-con-inner">
				<div class="elementor-element elementor-element-3fc0275 elementor-widget elementor-widget-image" data-id="3fc0275" data-element_type="widget" data-e-type="widget" data-widget_type="image.default">
				<div class="elementor-widget-container">
															<img decoding="async" width="1" height="1" src="https://www.associazione-culturale-europea.eu/wp-content/uploads/2025/12/copertina-Librone-Versione-Finale.jpg" class="attachment-large size-large wp-image-16239" alt="" />															</div>
				</div>
				<div class="elementor-element elementor-element-239621d elementor-widget elementor-widget-text-editor" data-id="239621d" data-element_type="widget" data-e-type="widget" data-widget_type="text-editor.default">
				<div class="elementor-widget-container">
									<p>LIBRONE DEI RACCONTINI. RACCOLTA SMISURATA DI STORIE TASCABILI</p><p>Raccolta di trentadue racconti brevi illustrati, nata dalla collaborazione di ventuno autori del gruppo di Scrittura Creativa di Ispra. Le storie spaziano tra diversi generi, come avventura, fantastico, giallo, rosa, storico, e un capitolo speciale che abbiamo chiamato “Mondi Sospesi”, dedicato a ciò che sfugge a una precisa classificazione.</p><p><span lang="IT">Il libro è disponibile esclusivamente in biblioteca ACE, non è in vendita al pubblico. Tuttavia, la versione PDF può essere utilizzata gratuitamente come e-book. <strong>Puoi sfogliare le pagine sullo schermo del tuo computer</strong>. Puoi anche scaricare il PDF per usarlo su tablet o Kindle.</span></p>								</div>
				</div>
					</div>
				</div>
		<div class="elementor-element elementor-element-4850ac8 e-flex e-con-boxed e-con e-parent" data-id="4850ac8" data-element_type="container" data-e-type="container">
					<div class="e-con-inner">
				<div class="elementor-element elementor-element-efdea66 elementor-widget elementor-widget-embedpress_pdf" data-id="efdea66" data-element_type="widget" data-e-type="widget" data-widget_type="embedpress_pdf.default">
				<div class="elementor-widget-container">
					    <div class="embedpress-document-embed ep-doc-aca7726eaf4e0b2b30afecdbfe3fd244 ose-document emebedpress-unit-percent " data-thememode="default" data-customcolor="" data-toolbar="yes" data-toolbar-position="top" data-open="no" data-presentation-mode="yes" data-download="yes" data-copy="yes" data-add-image="yes" data-rotate="yes" data-details="yes" data-id="embedpress-pdf-efdea66" data-selection-tool="0" data-scrolling="0" data-spreads="-1" style=" max-width:100%; display: inline-block">

        
                <div >

                    <div id="ep-elementor-content-efdea66" class="ep-elementor-content   ep-percentage-width   ep-content-protection-disabled">
                        <div id="efdea66" class="ep-embed-content-wraper">
                            <div><iframe title="librone dei raccontini_V QUASI FINALE bassa resoluzione" class="embedpress-embed-document-pdf embedpress-pdf-efdea66" style="width: 600%!important;height: 858px;; max-width:100%; display: inline-block" src="https://www.associazione-culturale-europea.eu/wp-admin/admin-ajax.php?action=get_flipbook_viewer&#038;file=https%3A%2F%2Fwww.associazione-culturale-europea.eu%2Fwp-content%2Fuploads%2F2025%2F11%2Flibrone-dei-raccontini_V-QUASI-FINALE-bassa-resoluzione.pdf&#038;key=dGhlbWVNb2RlPWRlZmF1bHQmdG9vbGJhcj10cnVlJnBvc2l0aW9uPXRvcCZwcmVzZW50YXRpb249dHJ1ZSZsYXp5TG9hZD1mYWxzZSZkb3dubG9hZD10cnVlJmNvcHlfdGV4dD10cnVlJmFkZF90ZXh0PXRydWUmZHJhdz10cnVlJmFkZF9pbWFnZT10cnVlJnBkZl9yb3RhdGlvbj10cnVlJnBkZl9kZXRhaWxzPXRydWUmem9vbV9pbj10cnVlJnpvb21fb3V0PXRydWUmZml0X3ZpZXc9dHJ1ZSZib29rbWFyaz10cnVlJnNvdW5kPXRydWUmZmxpcGJvb2tfdG9vbGJhcl9wb3NpdGlvbj1ib3R0b20mc2VsZWN0aW9uX3Rvb2w9MCZzY3JvbGxpbmc9MCZzcHJlYWRzPS0xJmlzX3Byb19hY3RpdmU9MCZwYWdlTnVtYmVyPTEmd2F0ZXJtYXJrX3RleHQ9JndhdGVybWFya19mb250X3NpemU9NDgmd2F0ZXJtYXJrX2NvbG9yPSUyMzAwMDAwMCZ3YXRlcm1hcmtfb3BhY2l0eT0xNSZ3YXRlcm1hcmtfc3R5bGU9Y2VudGVy" class="embedpress-embed-document-pdf embedpress-pdf-efdea66" data-emid="embedpress-pdf-efdea66" data-embed-type="PDF" frameborder="0"></iframe><p class="embedpress-el-powered">Powered By EmbedPress</p></div>                        </div>

                    </div>


                   
                </div>
            
    </div>

				</div>
				</div>
					</div>
				</div>
		<div class="elementor-element elementor-element-2b0f94b e-flex e-con-boxed e-con e-parent" data-id="2b0f94b" data-element_type="container" data-e-type="container">
					<div class="e-con-inner">
				<div class="elementor-element elementor-element-5904c9d elementor-align-center elementor-widget elementor-widget-button" data-id="5904c9d" data-element_type="widget" data-e-type="widget" data-widget_type="button.default">
				<div class="elementor-widget-container">
									<div class="elementor-button-wrapper">
					<a class="elementor-button elementor-button-link elementor-size-sm" href="https://www.associazione-culturale-europea.eu/index.php/nostri-libri-casarecci/">
						<span class="elementor-button-content-wrapper">
									<span class="elementor-button-text">Tornare al menu nostri libri casarecci</span>
					</span>
					</a>
				</div>
								</div>
				</div>
					</div>
				</div>
		<div class="elementor-element elementor-element-a63a66b e-flex e-con-boxed e-con e-parent" data-id="a63a66b" data-element_type="container" data-e-type="container">
					<div class="e-con-inner">
				<div class="elementor-element elementor-element-1015835 elementor-align-center elementor-widget elementor-widget-button" data-id="1015835" data-element_type="widget" data-e-type="widget" data-widget_type="button.default">
				<div class="elementor-widget-container">
									<div class="elementor-button-wrapper">
					<a class="elementor-button elementor-button-link elementor-size-sm" href="https://www.associazione-culturale-europea.eu/index.php/page-for-the-scrittura-creativa-group/">
						<span class="elementor-button-content-wrapper">
									<span class="elementor-button-text">Tornare al menu principale</span>
					</span>
					</a>
				</div>
								</div>
				</div>
					</div>
				</div>
				</div>

<p>LIBRO COLLETTIVO LIBRONE DEI RACCONTINI. RACCOLTA SMISURATA DI STORIE TASCABILI Raccolta di trentadue racconti brevi illustrati, nata dalla collaborazione di ventuno autori del gruppo di Scrittura Creativa di Ispra. Le storie spaziano tra diversi generi, come avventura, fantastico, giallo, rosa, storico, e un capitolo speciale che abbiamo chiamato “Mondi Sospesi”, dedicato a ciò che sfugge [&hellip;]</p>
