{"id":20322,"date":"2026-09-05T10:38:57","date_gmt":"2026-09-05T08:38:57","guid":{"rendered":"https:\/\/www.associazione-culturale-europea.eu\/?post_type=mec-events&#038;p=20322"},"modified":"2026-09-05T12:16:44","modified_gmt":"2026-09-05T10:16:44","slug":"monastero-torba_19-09-2026","status":"publish","type":"mec-events","link":"https:\/\/www.associazione-culturale-europea.eu\/index.php\/events\/monastero-torba_19-09-2026\/","title":{"rendered":"Sabato 19 Settembre 2026 &#8211; Gita Culturale:  Casa Macchi e il monastero di Torba"},"content":{"rendered":"\t\t<div data-elementor-type=\"wp-post\" data-elementor-id=\"20322\" class=\"elementor elementor-20322\" data-elementor-post-type=\"mec-events\">\n\t\t\t\t<div class=\"elementor-element elementor-element-398f966 e-flex e-con-boxed e-con e-parent\" data-id=\"398f966\" data-element_type=\"container\" data-e-type=\"container\">\n\t\t\t\t\t<div class=\"e-con-inner\">\n\t\t\t\t<div class=\"elementor-element elementor-element-8c61ddd elementor-widget elementor-widget-text-editor\" data-id=\"8c61ddd\" data-element_type=\"widget\" data-e-type=\"widget\" data-widget_type=\"text-editor.default\">\n\t\t\t\t<div class=\"elementor-widget-container\">\n\t\t\t\t\t\t\t\t\t<h3 style=\"text-align: center;\"><span style=\"color: #000080;\"><strong><em>GITA CULTURALE IN PROVINCIA DI VARESE<\/em><\/strong><\/span><\/h3><h3 style=\"text-align: center;\"><span style=\"color: #000080;\"><strong><em>Sabato 19 SETTEMBRE 2026<\/em><\/strong><\/span><\/h3><h3 style=\"text-align: center;\"><span style=\"color: #000080;\"><strong>CASA MACCHI E IL MONASTERO DI TORBA<\/strong><\/span><\/h3><h3 style=\"text-align: center;\"><span style=\"color: #000080;\"><strong>UN TUFFO NELLA STORIA<\/strong><\/span><\/h3><h3 style=\"text-align: center;\"><span style=\"color: #000080;\"><strong>Guida a cura di Simona Gasparini &#8211; Guida turistica regolarmente abilitata<\/strong><\/span><\/h3>\t\t\t\t\t\t\t\t<\/div>\n\t\t\t\t<\/div>\n\t\t\t\t\t<\/div>\n\t\t\t\t<\/div>\n\t\t<div class=\"elementor-element elementor-element-680a8dd e-flex e-con-boxed e-con e-parent\" data-id=\"680a8dd\" data-element_type=\"container\" data-e-type=\"container\">\n\t\t\t\t\t<div class=\"e-con-inner\">\n\t\t\t\t<div class=\"elementor-element elementor-element-07aa0b1 elementor-align-center elementor-widget elementor-widget-button\" data-id=\"07aa0b1\" data-element_type=\"widget\" data-e-type=\"widget\" data-widget_type=\"button.default\">\n\t\t\t\t<div class=\"elementor-widget-container\">\n\t\t\t\t\t\t\t\t\t<div class=\"elementor-button-wrapper\">\n\t\t\t\t\t<a class=\"elementor-button elementor-button-link elementor-size-sm\" href=\"https:\/\/www.associazione-culturale-europea.eu\/index.php\/visita-monastero-torba_19-09-2026\/\">\n\t\t\t\t\t\t<span class=\"elementor-button-content-wrapper\">\n\t\t\t\t\t\t\t\t\t<span class=\"elementor-button-text\">PRENOTA e PAGA \u20ac 20<\/span>\n\t\t\t\t\t<\/span>\n\t\t\t\t\t<\/a>\n\t\t\t\t<\/div>\n\t\t\t\t\t\t\t\t<\/div>\n\t\t\t\t<\/div>\n\t\t\t\t\t<\/div>\n\t\t\t\t<\/div>\n\t\t<div class=\"elementor-element elementor-element-643c57c6 e-flex e-con-boxed e-con e-parent\" data-id=\"643c57c6\" data-element_type=\"container\" data-e-type=\"container\">\n\t\t\t\t\t<div class=\"e-con-inner\">\n\t\t\t\t<div class=\"elementor-element elementor-element-2442fe78 elementor-widget__width-initial elementor-widget elementor-widget-text-editor\" data-id=\"2442fe78\" data-element_type=\"widget\" data-e-type=\"widget\" data-widget_type=\"text-editor.default\">\n\t\t\t\t<div class=\"elementor-widget-container\">\n\t\t\t\t\t\t\t\t\t<h3 style=\"text-align: center;\"><span style=\"color: #000080;\"><strong>Programma di Viaggio<\/strong><\/span><\/h3><h5><span style=\"color: #000080;\"><strong><em>Casa Macchi, <\/em><\/strong>una piccola Pompei dell\u2019800. Posizionata al centro di un piccolo borgo storico \u00e8 un grazioso palazzetto che racchiude tra le sue mura un mondo dimenticato. Un luogo dall&#8217;indiscutibile fascino, dove il tempo si \u00e8 letteralmente fermato e che ci racconta attraverso oggetti, arredi, decorazioni e aneddoti la storia dei suoi abitanti, una famiglia della media borghesia che abit\u00f2 la casa dalla met\u00e0 dell&#8217;800 fino agli anni &#8217;80 del &#8216;900. <strong>Il <\/strong><strong>Monastero di Torba<\/strong> \u00e8 uno scrigno di tesori medievali. Nato come torre difensiva in epoca Gota su un pi\u00f9 antico nucleo romano, si trasform\u00f2 in monastero benedettino durante l\u2019VIII sec. La possente torre cela angoli inaspettati e custodisce antichi e misteriosi affreschi, la chiesa semplice ed elegante racchiude tutto il fascino di epoche lontane, i resti delle mura difensive raccontano di un glorioso passato.<\/span><\/h5><ul><li><h4><span style=\"color: #000080;\"><strong>Partenza in macchina dal Piazzale del CCR Ispra ore 9.00 <\/strong><\/span><\/h4><\/li><li><h4><span style=\"color: #000080;\"><strong>La gita culturale inizia alle ore 10:00 dal luogo della visita guidata a Morazzone (VA)<\/strong><\/span><\/h4><\/li><li><h4><span style=\"color: #000080;\"><strong>Possibilit\u00e0 di pranzo in trattoria (da pagare a parte)<\/strong><\/span><\/h4><\/li><\/ul><p><span style=\"color: #000080;\"><strong>\u00a0<\/strong><\/span><\/p><h3><span style=\"color: #000080;\"><strong>ISCRIZIONE E QUOTA INDIVIDUALE DI PARTECIPAZIONE<\/strong><\/span><\/h3><h4><span style=\"color: #000080;\"><strong>Le iscrizioni sono aperte ai soci dell\u2019Associazione Culturale Europea (ACE) <\/strong><\/span><\/h4><h4><span style=\"color: #000080;\"><strong>La quota di \u20ac 20 include l\u2019ingresso ai luoghi citati e la relativa visita guidata <\/strong><\/span><\/h4><h4><span style=\"color: #000080;\"><strong>\u00a0<\/strong><\/span><\/h4><h4><span style=\"color: #000080;\"><strong>Queste visite fanno parte del programma \u201cArti Visive 2025\u201cpromosso da Antonio Bandirali, Consigliere ACE. Per ulteriori informazioni e iscrizioni contattare Yves Crutzen via WhatsApp 333 5359987, Membro CD ACE<\/strong><\/span><\/h4>\t\t\t\t\t\t\t\t<\/div>\n\t\t\t\t<\/div>\n\t\t\t\t\t<\/div>\n\t\t\t\t<\/div>\n\t\t\t\t<\/div>\n\t\t","protected":false},"excerpt":{"rendered":"<p>GITA CULTURALE IN PROVINCIA DI VARESE Sabato 19 SETTEMBRE 2026 CASA MACCHI E IL MONASTERO DI TORBA UN TUFFO NELLA STORIA Guida a cura di Simona Gasparini &#8211; Guida turistica regolarmente abilitata PRENOTA e PAGA \u20ac 20 Programma di Viaggio Casa Macchi, una piccola Pompei dell\u2019800. Posizionata al centro di un piccolo borgo storico \u00e8 [&hellip;]<\/p>\n","protected":false},"author":1,"featured_media":20324,"template":"","tags":[],"mec_category":[131,196],"class_list":["post-20322","mec-events","type-mec-events","status-publish","has-post-thumbnail","hentry","mec_category-ace-events","mec_category-settore_arti_visive"],"_links":{"self":[{"href":"https:\/\/www.associazione-culturale-europea.eu\/index.php\/wp-json\/wp\/v2\/mec-events\/20322","targetHints":{"allow":["GET"]}}],"collection":[{"href":"https:\/\/www.associazione-culturale-europea.eu\/index.php\/wp-json\/wp\/v2\/mec-events"}],"about":[{"href":"https:\/\/www.associazione-culturale-europea.eu\/index.php\/wp-json\/wp\/v2\/types\/mec-events"}],"author":[{"embeddable":true,"href":"https:\/\/www.associazione-culturale-europea.eu\/index.php\/wp-json\/wp\/v2\/users\/1"}],"version-history":[{"count":6,"href":"https:\/\/www.associazione-culturale-europea.eu\/index.php\/wp-json\/wp\/v2\/mec-events\/20322\/revisions"}],"predecessor-version":[{"id":20338,"href":"https:\/\/www.associazione-culturale-europea.eu\/index.php\/wp-json\/wp\/v2\/mec-events\/20322\/revisions\/20338"}],"wp:featuredmedia":[{"embeddable":true,"href":"https:\/\/www.associazione-culturale-europea.eu\/index.php\/wp-json\/wp\/v2\/media\/20324"}],"wp:attachment":[{"href":"https:\/\/www.associazione-culturale-europea.eu\/index.php\/wp-json\/wp\/v2\/media?parent=20322"}],"wp:term":[{"taxonomy":"post_tag","embeddable":true,"href":"https:\/\/www.associazione-culturale-europea.eu\/index.php\/wp-json\/wp\/v2\/tags?post=20322"},{"taxonomy":"mec_category","embeddable":true,"href":"https:\/\/www.associazione-culturale-europea.eu\/index.php\/wp-json\/wp\/v2\/mec_category?post=20322"}],"curies":[{"name":"wp","href":"https:\/\/api.w.org\/{rel}","templated":true}]}}

<div data-elementor-type="wp-post" data-elementor-id="20322" class="elementor elementor-20322" data-elementor-post-type="mec-events">
				<div class="elementor-element elementor-element-398f966 e-flex e-con-boxed e-con e-parent" data-id="398f966" data-element_type="container" data-e-type="container">
					<div class="e-con-inner">
				<div class="elementor-element elementor-element-8c61ddd elementor-widget elementor-widget-text-editor" data-id="8c61ddd" data-element_type="widget" data-e-type="widget" data-widget_type="text-editor.default">
				<div class="elementor-widget-container">
									<h3 style="text-align: center;"><span style="color: #000080;"><strong><em>GITA CULTURALE IN PROVINCIA DI VARESE</em></strong></span></h3><h3 style="text-align: center;"><span style="color: #000080;"><strong><em>Sabato 19 SETTEMBRE 2026</em></strong></span></h3><h3 style="text-align: center;"><span style="color: #000080;"><strong>CASA MACCHI E IL MONASTERO DI TORBA</strong></span></h3><h3 style="text-align: center;"><span style="color: #000080;"><strong>UN TUFFO NELLA STORIA</strong></span></h3><h3 style="text-align: center;"><span style="color: #000080;"><strong>Guida a cura di Simona Gasparini &#8211; Guida turistica regolarmente abilitata</strong></span></h3>								</div>
				</div>
					</div>
				</div>
		<div class="elementor-element elementor-element-680a8dd e-flex e-con-boxed e-con e-parent" data-id="680a8dd" data-element_type="container" data-e-type="container">
					<div class="e-con-inner">
				<div class="elementor-element elementor-element-07aa0b1 elementor-align-center elementor-widget elementor-widget-button" data-id="07aa0b1" data-element_type="widget" data-e-type="widget" data-widget_type="button.default">
				<div class="elementor-widget-container">
									<div class="elementor-button-wrapper">
					<a class="elementor-button elementor-button-link elementor-size-sm" href="https://www.associazione-culturale-europea.eu/index.php/visita-monastero-torba_19-09-2026/">
						<span class="elementor-button-content-wrapper">
									<span class="elementor-button-text">PRENOTA e PAGA € 20</span>
					</span>
					</a>
				</div>
								</div>
				</div>
					</div>
				</div>
		<div class="elementor-element elementor-element-643c57c6 e-flex e-con-boxed e-con e-parent" data-id="643c57c6" data-element_type="container" data-e-type="container">
					<div class="e-con-inner">
				<div class="elementor-element elementor-element-2442fe78 elementor-widget__width-initial elementor-widget elementor-widget-text-editor" data-id="2442fe78" data-element_type="widget" data-e-type="widget" data-widget_type="text-editor.default">
				<div class="elementor-widget-container">
									<h3 style="text-align: center;"><span style="color: #000080;"><strong>Programma di Viaggio</strong></span></h3><h5><span style="color: #000080;"><strong><em>Casa Macchi, </em></strong>una piccola Pompei dell’800. Posizionata al centro di un piccolo borgo storico è un grazioso palazzetto che racchiude tra le sue mura un mondo dimenticato. Un luogo dall&#8217;indiscutibile fascino, dove il tempo si è letteralmente fermato e che ci racconta attraverso oggetti, arredi, decorazioni e aneddoti la storia dei suoi abitanti, una famiglia della media borghesia che abitò la casa dalla metà dell&#8217;800 fino agli anni &#8217;80 del &#8216;900. <strong>Il </strong><strong>Monastero di Torba</strong> è uno scrigno di tesori medievali. Nato come torre difensiva in epoca Gota su un più antico nucleo romano, si trasformò in monastero benedettino durante l’VIII sec. La possente torre cela angoli inaspettati e custodisce antichi e misteriosi affreschi, la chiesa semplice ed elegante racchiude tutto il fascino di epoche lontane, i resti delle mura difensive raccontano di un glorioso passato.</span></h5><ul><li><h4><span style="color: #000080;"><strong>Partenza in macchina dal Piazzale del CCR Ispra ore 9.00 </strong></span></h4></li><li><h4><span style="color: #000080;"><strong>La gita culturale inizia alle ore 10:00 dal luogo della visita guidata a Morazzone (VA)</strong></span></h4></li><li><h4><span style="color: #000080;"><strong>Possibilità di pranzo in trattoria (da pagare a parte)</strong></span></h4></li></ul><p><span style="color: #000080;"><strong> </strong></span></p><h3><span style="color: #000080;"><strong>ISCRIZIONE E QUOTA INDIVIDUALE DI PARTECIPAZIONE</strong></span></h3><h4><span style="color: #000080;"><strong>Le iscrizioni sono aperte ai soci dell’Associazione Culturale Europea (ACE) </strong></span></h4><h4><span style="color: #000080;"><strong>La quota di € 20 include l’ingresso ai luoghi citati e la relativa visita guidata </strong></span></h4><h4><span style="color: #000080;"><strong> </strong></span></h4><h4><span style="color: #000080;"><strong>Queste visite fanno parte del programma “Arti Visive 2025“promosso da Antonio Bandirali, Consigliere ACE. Per ulteriori informazioni e iscrizioni contattare Yves Crutzen via WhatsApp 333 5359987, Membro CD ACE</strong></span></h4>								</div>
				</div>
					</div>
				</div>
				</div>

<p>GITA CULTURALE IN PROVINCIA DI VARESE Sabato 19 SETTEMBRE 2026 CASA MACCHI E IL MONASTERO DI TORBA UN TUFFO NELLA STORIA Guida a cura di Simona Gasparini &#8211; Guida turistica regolarmente abilitata PRENOTA e PAGA € 20 Programma di Viaggio Casa Macchi, una piccola Pompei dell’800. Posizionata al centro di un piccolo borgo storico è [&hellip;]</p>
