{"id":20278,"date":"2026-09-03T08:23:04","date_gmt":"2026-09-03T06:23:04","guid":{"rendered":"https:\/\/www.associazione-culturale-europea.eu\/?post_type=mec-events&#038;p=20278"},"modified":"2026-09-03T21:32:25","modified_gmt":"2026-09-03T19:32:25","slug":"concerto_7-10-2026","status":"publish","type":"mec-events","link":"https:\/\/www.associazione-culturale-europea.eu\/index.php\/events\/concerto_7-10-2026\/","title":{"rendered":"Mercoled\u00ec 7 Ottobre, ore 21:00 &#8211; Concerto &#8220;Il Settecento musicale tra cembalo e pianoforte&#8221; &#8211; Auditorium Club House"},"content":{"rendered":"\t\t<div data-elementor-type=\"wp-post\" data-elementor-id=\"20278\" class=\"elementor elementor-20278\" data-elementor-post-type=\"mec-events\">\n\t\t\t\t<div class=\"elementor-element elementor-element-65b07bd9 e-flex e-con-boxed e-con e-parent\" data-id=\"65b07bd9\" data-element_type=\"container\" data-e-type=\"container\">\n\t\t\t\t\t<div class=\"e-con-inner\">\n\t\t\t\t<div class=\"elementor-element elementor-element-5d43a28 elementor-widget elementor-widget-text-editor\" data-id=\"5d43a28\" data-element_type=\"widget\" data-e-type=\"widget\" data-widget_type=\"text-editor.default\">\n\t\t\t\t<div class=\"elementor-widget-container\">\n\t\t\t\t\t\t\t\t\t<h3 style=\"text-align: center;\"><span style=\"font-size: large;\"><b>I Mercoled\u00ec in Concerto &#8211; <\/b><\/span><span style=\"font-size: large;\"><b>Auditorium Club House<\/b><\/span><\/h3><div>\u00a0<\/div><h3 style=\"text-align: center;\"><b>Mercoled\u00ec 7 Ottobre, ore 21:00<\/b><\/h3><h3 style=\"text-align: center;\"><b><i>Il Settecento musicale tra cembalo e pianoforte<\/i><\/b><\/h3><h3 style=\"text-align: center;\"><b>Gianluca Rovelli<\/b>, cembalo e pianoforte<\/h3><div>\u00a0<\/div><div><h5><em>Dalla met\u00e0 del Settecento si assiste alla diffusione di uno strumento musicale che da l\u00ec a poco sar\u00e0 destinato a divenire un\u2019icona di un\u2019epoca: il pianoforte. Bench\u00e9 profondamente diverso dai pianoforti moderni, l\u2019introduzione del\u00a0<\/em><em>fortepiano<\/em><em>\u00a0ha inciso molto nella produzione musicale di fine secolo. Esiste tuttavia un periodo dove il clavicembalo ed il pianoforte hanno convissuto pacificamente. In questa\u00a0<\/em><em>terra di mezzo\u00a0<\/em><em>hanno operato autori che hanno gettato le basi per tutto l\u2019Ottocento musicale: Carl Philipp Emanuel Bach, Joseph Haydn e Wolfgang Amadeus Mozart. Il programma di questo concerto sar\u00e0 equamente ripartito tra i due strumenti cercando di cogliere le sfumature dei vari stili presentati.<\/em><\/h5><h5 class=\"Corpo\" style=\"margin-bottom: 5.0pt;\">\u00a0<\/h5><\/div><h5>\u00a0<\/h5>\t\t\t\t\t\t\t\t<\/div>\n\t\t\t\t<\/div>\n\t\t\t\t\t<\/div>\n\t\t\t\t<\/div>\n\t\t<div class=\"elementor-element elementor-element-6b61cf8 e-flex e-con-boxed e-con e-parent\" data-id=\"6b61cf8\" data-element_type=\"container\" data-e-type=\"container\">\n\t\t\t\t\t<div class=\"e-con-inner\">\n\t\t\t\t<div class=\"elementor-element elementor-element-431bb7f elementor-align-center elementor-widget elementor-widget-button\" data-id=\"431bb7f\" data-element_type=\"widget\" data-e-type=\"widget\" data-widget_type=\"button.default\">\n\t\t\t\t<div class=\"elementor-widget-container\">\n\t\t\t\t\t\t\t\t\t<div class=\"elementor-button-wrapper\">\n\t\t\t\t\t<a class=\"elementor-button elementor-button-link elementor-size-sm\" href=\"https:\/\/cembalo_vs_pianoforte_ACE.eventbrite.it\">\n\t\t\t\t\t\t<span class=\"elementor-button-content-wrapper\">\n\t\t\t\t\t\t\t\t\t<span class=\"elementor-button-text\">PRENOTA IL TUO POSTO<\/span>\n\t\t\t\t\t<\/span>\n\t\t\t\t\t<\/a>\n\t\t\t\t<\/div>\n\t\t\t\t\t\t\t\t<\/div>\n\t\t\t\t<\/div>\n\t\t\t\t\t<\/div>\n\t\t\t\t<\/div>\n\t\t<div class=\"elementor-element elementor-element-b391f72 e-flex e-con-boxed e-con e-parent\" data-id=\"b391f72\" data-element_type=\"container\" data-e-type=\"container\">\n\t\t\t\t\t<div class=\"e-con-inner\">\n\t\t\t\t<div class=\"elementor-element elementor-element-ead6675 elementor-widget elementor-widget-text-editor\" data-id=\"ead6675\" data-element_type=\"widget\" data-e-type=\"widget\" data-widget_type=\"text-editor.default\">\n\t\t\t\t<div class=\"elementor-widget-container\">\n\t\t\t\t\t\t\t\t\t<h4><em><strong>Musiche di B. Galuppi; C.P.E.Bach; J. Haydn; W.A. Mozart<\/strong><\/em><\/h4><h5 class=\"Corpo\"><b><span lang=\"IT\"><br \/>Baldassare Galuppi (1707-1785)<\/span><\/b><\/h5><h5 class=\"Corpo\"><span lang=\"IT\">Sonata II op. 2 in Re minore [1759]<\/span><\/h5><h5 class=\"Corpo\"><i><span lang=\"IT\">Allegretto &#8211; [Giga]<\/span><\/i><\/h5><h5 class=\"Corpo\"><b><span lang=\"IT\">Carl Philipp Emanuel Bach (1714-1788)<\/span><\/b><\/h5><h5 class=\"Corpo\"><span lang=\"IT\">Sonata per cembalo \u201cPrussiana\u201d Wq 48\/1 in Fa maggiore [1740]<\/span><\/h5><h5 class=\"Corpo\"><i><span lang=\"IT\">Poco allegro &#8211; Andante. Recitativo &#8211; Vivace<\/span><\/i><\/h5><h5 class=\"Corpo\"><b><span lang=\"IT\">Joseph Haydn (1732-1809)<\/span><\/b><\/h5><h5 class=\"Corpo\"><span lang=\"IT\">Sonata Hob.XVI:7 in Do maggiore [1760 ca]<\/span><\/h5><h5 class=\"Corpo\"><i><span lang=\"IT\">Allegro moderato &#8211; Menuet. Trio &#8211; Finale. Allegro<\/span><\/i><\/h5><h5 class=\"Corpo\"><b><span lang=\"IT\">Carl Philipp Emanuel Bach<\/span><\/b><\/h5><h5 class=\"Corpo\"><span lang=\"IT\">Fantasia per cembalo Wq63\/6 in Do minore [1753]<\/span><\/h5><h5 class=\"Corpo\"><b><span lang=\"IT\">Joseph Haydn<\/span><\/b><\/h5><h5 class=\"Corpo\"><span lang=\"IT\">Sonata Hob.XVI:14 in Re maggiore [1765 ca]<\/span><\/h5><h5 class=\"Corpo\"><i><span lang=\"IT\">Allegro moderato &#8211; Menuetto. Trio &#8211; Allegro<\/span><\/i><\/h5><h5 class=\"Corpo\"><b><span lang=\"IT\">Wolfgang Amadeus Mozart (1756-1791)<\/span><\/b><\/h5><h5 class=\"Corpo\"><span lang=\"IT\">Fantasia in Re minore Kv 397 (1782)<\/span><\/h5>\t\t\t\t\t\t\t\t<\/div>\n\t\t\t\t<\/div>\n\t\t\t\t\t<\/div>\n\t\t\t\t<\/div>\n\t\t<div class=\"elementor-element elementor-element-dc4fd58 e-flex e-con-boxed e-con e-parent\" data-id=\"dc4fd58\" data-element_type=\"container\" data-e-type=\"container\">\n\t\t\t\t\t<div class=\"e-con-inner\">\n\t\t\t\t<div class=\"elementor-element elementor-element-34b2c5c elementor-widget elementor-widget-text-editor\" data-id=\"34b2c5c\" data-element_type=\"widget\" data-e-type=\"widget\" data-widget_type=\"text-editor.default\">\n\t\t\t\t<div class=\"elementor-widget-container\">\n\t\t\t\t\t\t\t\t\t<h4><strong>Gian Luca Rovelli<\/strong><\/h4><h5>Nasce nel 1983 e inizia gli studi musicali nella classe di pianoforte di N. Parente presso il Conservatorio \u201cG. Cantelli\u201d di Novara. Prosegue gli studi con G. Gili, sotto la cui guida si diploma nel 2009 presso il Conservatorio \u201cA. Buzzolla\u201d di Adria (RO). Segue inoltre corsi di perfezionamento con P. N. Masi. Nel suo percorso musicale diventa fondamentale l\u2019incontro con Emilia Fadini: nel 2009 inizia lo studio del clavicembalo, delle prassi esecutive barocche e rinascimentali e della pratica del basso continuo presso la Scuola Musicale di Milano. Nel 2013 vince il Primo Premio al VI Concorso Nazionale di Clavicembalo di Acqui Terme (AL). Dal 2015 al 2020 collabora con l\u2019ensemble\u00a0<em>Imaginaire<\/em>\u00a0sotto la direzione di C. Corrieri: con loro per Brilliant Classics nel 2017 incide l\u2019integrale dei concerti di F. Durante e nel 2020 incide un programma sui Salve Regina di L. Leo, G. B. Pergolesi e N. Porpora. Completa la sua formazione laureandosi nel 2014 al corso di Laurea Magistrale in Musicologia presso il dipartimento di Musicologia e Beni culturali di Cremona, Universit\u00e0 degli studi di Pavia. Prosegue la ricerca musicologica collaborando con Emilia Fadini relativamente a studi sulla prassi esecutiva barocca e tardo-rinascimentale. A dicembre 2018 cura l\u2019edizione critica delle due sonate per cembalo di Felice Alessandri per la casa editrice Armelin di Padova. A gennaio 2019 viene pubblicato l\u2019articolo\u00a0<em>Riflessioni intorno all<\/em>\u2019<em>esecuzione del trillo in J. S. Bach<\/em>\u00a0scritto con Emilia Fadini per la rivista Rassegna Musicale Curci (anno LXXII n.1). Nel 2020 pubblica il profilo biografico di Emilia Fadini contenuto nel volume\u00a0<em>Cedere il passo al sogno. L<\/em>\u2019<em>esperienza musicale di E. Fadini<\/em>\u00a0pubblicato da LIM \u2013 Libreria Musicale Italiana. Dal 2016 collabora in duo con M. Gaggini per la riscoperta e la valorizzazione del repertorio per due clavicembali: nel novembre del 2019 pubblica per l\u2019etichetta Brilliant Classics l\u2019integrale dei trii di Fran\u00e7ois Couperin trascritti da loro per due tastiere. Nel 2024, in veste di pianista, prende parte al progetto di esecuzione della Sinfonia n.6 di G. Mahler nella trascrizione per ensemble da camera di A. M. Carnelli e nel 2026, con i solisti dell\u2019Orchestra da Camera di Mantova e la direzione di Carnelli, esegue la trascrizione della Sinfonia n.1.<\/h5>\t\t\t\t\t\t\t\t<\/div>\n\t\t\t\t<\/div>\n\t\t\t\t\t<\/div>\n\t\t\t\t<\/div>\n\t\t\t\t<\/div>\n\t\t","protected":false},"excerpt":{"rendered":"<p>I Mercoled\u00ec in Concerto &#8211; Auditorium Club House Mercoled\u00ec 7 Ottobre, ore 21:00 Il Settecento musicale tra cembalo e pianoforte Gianluca Rovelli, cembalo e pianoforte Dalla met\u00e0 del Settecento si assiste alla diffusione di uno strumento musicale che da l\u00ec a poco sar\u00e0 destinato a divenire un\u2019icona di un\u2019epoca: il pianoforte. Bench\u00e9 profondamente diverso dai [&hellip;]<\/p>\n","protected":false},"author":1,"featured_media":20280,"template":"","tags":[],"mec_category":[131,27,194],"class_list":["post-20278","mec-events","type-mec-events","status-publish","has-post-thumbnail","hentry","mec_category-ace-events","mec_category-concerti","mec_category-settore_concerti"],"_links":{"self":[{"href":"https:\/\/www.associazione-culturale-europea.eu\/index.php\/wp-json\/wp\/v2\/mec-events\/20278","targetHints":{"allow":["GET"]}}],"collection":[{"href":"https:\/\/www.associazione-culturale-europea.eu\/index.php\/wp-json\/wp\/v2\/mec-events"}],"about":[{"href":"https:\/\/www.associazione-culturale-europea.eu\/index.php\/wp-json\/wp\/v2\/types\/mec-events"}],"author":[{"embeddable":true,"href":"https:\/\/www.associazione-culturale-europea.eu\/index.php\/wp-json\/wp\/v2\/users\/1"}],"version-history":[{"count":9,"href":"https:\/\/www.associazione-culturale-europea.eu\/index.php\/wp-json\/wp\/v2\/mec-events\/20278\/revisions"}],"predecessor-version":[{"id":20311,"href":"https:\/\/www.associazione-culturale-europea.eu\/index.php\/wp-json\/wp\/v2\/mec-events\/20278\/revisions\/20311"}],"wp:featuredmedia":[{"embeddable":true,"href":"https:\/\/www.associazione-culturale-europea.eu\/index.php\/wp-json\/wp\/v2\/media\/20280"}],"wp:attachment":[{"href":"https:\/\/www.associazione-culturale-europea.eu\/index.php\/wp-json\/wp\/v2\/media?parent=20278"}],"wp:term":[{"taxonomy":"post_tag","embeddable":true,"href":"https:\/\/www.associazione-culturale-europea.eu\/index.php\/wp-json\/wp\/v2\/tags?post=20278"},{"taxonomy":"mec_category","embeddable":true,"href":"https:\/\/www.associazione-culturale-europea.eu\/index.php\/wp-json\/wp\/v2\/mec_category?post=20278"}],"curies":[{"name":"wp","href":"https:\/\/api.w.org\/{rel}","templated":true}]}}

Mercoledì 7 Ottobre, ore 21:00 &#8211; Concerto &#8220;Il Settecento musicale tra cembalo e pianoforte&#8221; &#8211; Auditorium Club House

<div data-elementor-type="wp-post" data-elementor-id="20278" class="elementor elementor-20278" data-elementor-post-type="mec-events">
				<div class="elementor-element elementor-element-65b07bd9 e-flex e-con-boxed e-con e-parent" data-id="65b07bd9" data-element_type="container" data-e-type="container">
					<div class="e-con-inner">
				<div class="elementor-element elementor-element-5d43a28 elementor-widget elementor-widget-text-editor" data-id="5d43a28" data-element_type="widget" data-e-type="widget" data-widget_type="text-editor.default">
				<div class="elementor-widget-container">
									<h3 style="text-align: center;"><span style="font-size: large;"><b>I Mercoledì in Concerto &#8211; </b></span><span style="font-size: large;"><b>Auditorium Club House</b></span></h3><div> </div><h3 style="text-align: center;"><b>Mercoledì 7 Ottobre, ore 21:00</b></h3><h3 style="text-align: center;"><b><i>Il Settecento musicale tra cembalo e pianoforte</i></b></h3><h3 style="text-align: center;"><b>Gianluca Rovelli</b>, cembalo e pianoforte</h3><div> </div><div><h5><em>Dalla metà del Settecento si assiste alla diffusione di uno strumento musicale che da lì a poco sarà destinato a divenire un’icona di un’epoca: il pianoforte. Benché profondamente diverso dai pianoforti moderni, l’introduzione del </em><em>fortepiano</em><em> ha inciso molto nella produzione musicale di fine secolo. Esiste tuttavia un periodo dove il clavicembalo ed il pianoforte hanno convissuto pacificamente. In questa </em><em>terra di mezzo </em><em>hanno operato autori che hanno gettato le basi per tutto l’Ottocento musicale: Carl Philipp Emanuel Bach, Joseph Haydn e Wolfgang Amadeus Mozart. Il programma di questo concerto sarà equamente ripartito tra i due strumenti cercando di cogliere le sfumature dei vari stili presentati.</em></h5><h5 class="Corpo" style="margin-bottom: 5.0pt;"> </h5></div><h5> </h5>								</div>
				</div>
					</div>
				</div>
		<div class="elementor-element elementor-element-6b61cf8 e-flex e-con-boxed e-con e-parent" data-id="6b61cf8" data-element_type="container" data-e-type="container">
					<div class="e-con-inner">
				<div class="elementor-element elementor-element-431bb7f elementor-align-center elementor-widget elementor-widget-button" data-id="431bb7f" data-element_type="widget" data-e-type="widget" data-widget_type="button.default">
				<div class="elementor-widget-container">
									<div class="elementor-button-wrapper">
					<a class="elementor-button elementor-button-link elementor-size-sm" href="https://cembalo_vs_pianoforte_ACE.eventbrite.it">
						<span class="elementor-button-content-wrapper">
									<span class="elementor-button-text">PRENOTA IL TUO POSTO</span>
					</span>
					</a>
				</div>
								</div>
				</div>
					</div>
				</div>
		<div class="elementor-element elementor-element-b391f72 e-flex e-con-boxed e-con e-parent" data-id="b391f72" data-element_type="container" data-e-type="container">
					<div class="e-con-inner">
				<div class="elementor-element elementor-element-ead6675 elementor-widget elementor-widget-text-editor" data-id="ead6675" data-element_type="widget" data-e-type="widget" data-widget_type="text-editor.default">
				<div class="elementor-widget-container">
									<h4><em><strong>Musiche di B. Galuppi; C.P.E.Bach; J. Haydn; W.A. Mozart</strong></em></h4><h5 class="Corpo"><b><span lang="IT"><br />Baldassare Galuppi (1707-1785)</span></b></h5><h5 class="Corpo"><span lang="IT">Sonata II op. 2 in Re minore [1759]</span></h5><h5 class="Corpo"><i><span lang="IT">Allegretto &#8211; [Giga]</span></i></h5><h5 class="Corpo"><b><span lang="IT">Carl Philipp Emanuel Bach (1714-1788)</span></b></h5><h5 class="Corpo"><span lang="IT">Sonata per cembalo “Prussiana” Wq 48/1 in Fa maggiore [1740]</span></h5><h5 class="Corpo"><i><span lang="IT">Poco allegro &#8211; Andante. Recitativo &#8211; Vivace</span></i></h5><h5 class="Corpo"><b><span lang="IT">Joseph Haydn (1732-1809)</span></b></h5><h5 class="Corpo"><span lang="IT">Sonata Hob.XVI:7 in Do maggiore [1760 ca]</span></h5><h5 class="Corpo"><i><span lang="IT">Allegro moderato &#8211; Menuet. Trio &#8211; Finale. Allegro</span></i></h5><h5 class="Corpo"><b><span lang="IT">Carl Philipp Emanuel Bach</span></b></h5><h5 class="Corpo"><span lang="IT">Fantasia per cembalo Wq63/6 in Do minore [1753]</span></h5><h5 class="Corpo"><b><span lang="IT">Joseph Haydn</span></b></h5><h5 class="Corpo"><span lang="IT">Sonata Hob.XVI:14 in Re maggiore [1765 ca]</span></h5><h5 class="Corpo"><i><span lang="IT">Allegro moderato &#8211; Menuetto. Trio &#8211; Allegro</span></i></h5><h5 class="Corpo"><b><span lang="IT">Wolfgang Amadeus Mozart (1756-1791)</span></b></h5><h5 class="Corpo"><span lang="IT">Fantasia in Re minore Kv 397 (1782)</span></h5>								</div>
				</div>
					</div>
				</div>
		<div class="elementor-element elementor-element-dc4fd58 e-flex e-con-boxed e-con e-parent" data-id="dc4fd58" data-element_type="container" data-e-type="container">
					<div class="e-con-inner">
				<div class="elementor-element elementor-element-34b2c5c elementor-widget elementor-widget-text-editor" data-id="34b2c5c" data-element_type="widget" data-e-type="widget" data-widget_type="text-editor.default">
				<div class="elementor-widget-container">
									<h4><strong>Gian Luca Rovelli</strong></h4><h5>Nasce nel 1983 e inizia gli studi musicali nella classe di pianoforte di N. Parente presso il Conservatorio “G. Cantelli” di Novara. Prosegue gli studi con G. Gili, sotto la cui guida si diploma nel 2009 presso il Conservatorio “A. Buzzolla” di Adria (RO). Segue inoltre corsi di perfezionamento con P. N. Masi. Nel suo percorso musicale diventa fondamentale l’incontro con Emilia Fadini: nel 2009 inizia lo studio del clavicembalo, delle prassi esecutive barocche e rinascimentali e della pratica del basso continuo presso la Scuola Musicale di Milano. Nel 2013 vince il Primo Premio al VI Concorso Nazionale di Clavicembalo di Acqui Terme (AL). Dal 2015 al 2020 collabora con l’ensemble <em>Imaginaire</em> sotto la direzione di C. Corrieri: con loro per Brilliant Classics nel 2017 incide l’integrale dei concerti di F. Durante e nel 2020 incide un programma sui Salve Regina di L. Leo, G. B. Pergolesi e N. Porpora. Completa la sua formazione laureandosi nel 2014 al corso di Laurea Magistrale in Musicologia presso il dipartimento di Musicologia e Beni culturali di Cremona, Università degli studi di Pavia. Prosegue la ricerca musicologica collaborando con Emilia Fadini relativamente a studi sulla prassi esecutiva barocca e tardo-rinascimentale. A dicembre 2018 cura l’edizione critica delle due sonate per cembalo di Felice Alessandri per la casa editrice Armelin di Padova. A gennaio 2019 viene pubblicato l’articolo <em>Riflessioni intorno all</em>’<em>esecuzione del trillo in J. S. Bach</em> scritto con Emilia Fadini per la rivista Rassegna Musicale Curci (anno LXXII n.1). Nel 2020 pubblica il profilo biografico di Emilia Fadini contenuto nel volume <em>Cedere il passo al sogno. L</em>’<em>esperienza musicale di E. Fadini</em> pubblicato da LIM – Libreria Musicale Italiana. Dal 2016 collabora in duo con M. Gaggini per la riscoperta e la valorizzazione del repertorio per due clavicembali: nel novembre del 2019 pubblica per l’etichetta Brilliant Classics l’integrale dei trii di François Couperin trascritti da loro per due tastiere. Nel 2024, in veste di pianista, prende parte al progetto di esecuzione della Sinfonia n.6 di G. Mahler nella trascrizione per ensemble da camera di A. M. Carnelli e nel 2026, con i solisti dell’Orchestra da Camera di Mantova e la direzione di Carnelli, esegue la trascrizione della Sinfonia n.1.</h5>								</div>
				</div>
					</div>
				</div>
				</div>

<p>I Mercoledì in Concerto &#8211; Auditorium Club House Mercoledì 7 Ottobre, ore 21:00 Il Settecento musicale tra cembalo e pianoforte Gianluca Rovelli, cembalo e pianoforte Dalla metà del Settecento si assiste alla diffusione di uno strumento musicale che da lì a poco sarà destinato a divenire un’icona di un’epoca: il pianoforte. Benché profondamente diverso dai [&hellip;]</p>
