{"id":18141,"date":"2026-03-17T08:56:26","date_gmt":"2026-03-17T07:56:26","guid":{"rendered":"https:\/\/www.associazione-culturale-europea.eu\/?post_type=mec-events&#038;p=18141"},"modified":"2026-09-05T10:58:57","modified_gmt":"2026-09-05T08:58:57","slug":"duo-dolce_21-10-2026","status":"publish","type":"mec-events","link":"https:\/\/www.associazione-culturale-europea.eu\/index.php\/events\/duo-dolce_21-10-2026\/","title":{"rendered":"Mercoledi 21 Ottobre alle 21:00 &#8211; Concerto DUO DOLCE  &#8220;Lettere d&#8217;amore e altre poesie&#8221; &#8211; Auditorium JRC Club House"},"content":{"rendered":"<h1><span style=\"color: #993300;\"><em><span style=\"font-family: arial, sans-serif;\">Duo Dolce<\/span><\/em><\/span><\/h1>\n<h3><span style=\"color: #993300;\">Giedre Lutz, pianoforte<\/span><\/h3>\n<h3><span style=\"color: #993300;\">Ilona Nymoen, soprano<\/span><\/h3>\n<h4><em><span style=\"font-family: arial, sans-serif;\">Musiche di W.A. Mozart, F. Schubert, D. Marianelli, R. Wagner, M. Nyman, H. Eisler, A. Piazzolla<\/span><\/em><\/h4>\n<h4><span style=\"color: #000000;\">Ilona Nymoen, soprano<\/span><\/h4>\n<h5>Ilona Nymoen \u00e8 nata a Donaueschingen, in Germania, dove gi\u00e0 durante gli anni scolastici cantava in un coro e prendeva lezioni di flauto e pianoforte. Dopo i primi studi a Berlino, si \u00e8 trasferita a Milano per studiare canto classico al Conservatorio di Musica \u201cGiuseppe Verdi\u201d e successivamente a Piacenza al Conservatorio \u201cGiuseppe Niccolini\u201d. Dopo il suo ritorno in Germania, ha iniziato la carriera solistica come mezzosoprano con ruoli quali: Carmen (Costanza e Amburgo), seguiti da ruoli quali: Maddalena \/ Rigoletto, Contessa di Eberbach\/ Il bracconiere, 3. Dame e 3. Boy\/ Il flauto magico, Irmentraut\/ L&#8217;armaiolo, Marcelina\/ Il barbiere di Siviglia, Tisbe\/ La Cenerentola, Adelaide\/ Der Vogelh\u00e4ndler, Czipra\/ Der Zigeunerbaron, Baba, il turco\/ The Rake&#8217;s progress, Mary\/ L&#8217;olandese volante, &#8230;. I suoi impegni l&#8217;hanno portata all&#8217;Alleetheater di Amburgo, allo Staatstheater di Schwerin, alla Staatsoperette di Dresda, al Landestheater di Neustrelitz, al Theater Meissen, al Theater Lueneburg, all&#8217;Admiralspalast di Berlino, al Tipi \u2013 am Kanzleramt di Berlino, al Nikolaisaal di Potsdam, alla Volksb\u00fchne di Colonia, al Goetheanum di Basilea\/Svizzera. Nel 2013 ha cambiato registro vocale passando al soprano drammatico, debuttando con grande successo nel ruolo di Leonore nell&#8217;opera Fidelio di Beethoven a Berlino. Il suo repertorio abbraccia l&#8217;intero spettro dell&#8217;oratorio, da D. Buxtehude a J.S. Bach, G. Rossini e B. Britten.\u00c8 membro e fondatrice di vari ensemble di musica da camera. Nel Duo Dolce trova un&#8217;anima gemella in Giedre Lutz, la sua accompagnatrice al pianoforte.<\/h5>\n<h4><strong>Giedre Lutz, pianoforte<\/strong><\/h4>\n<h5>La pianista Giedre Lutz ha ottenuto un notevole successo musicale. L&#8217;artista lituana ha vinto premi in quattro concorsi nazionali e otto internazionali. Pi\u00f9 recentemente, ha ricevuto il Majestic Excellence Award come Miglior Artista nella categoria Musica da Film agli Excellence Piano Awards 2022. Giedre Lutz si \u00e8 laureata nel 2003 presso l&#8217;Accademia Statale Lituana di Musica e Teatro come pianista concertista, musicista da camera e insegnante di musica. Ha inoltre studiato pianoforte con il Professor L\u00e1szl\u00f3 Simon presso l&#8217;Universit\u00e0 delle Arti di Berlino. Ha inoltre approfondito le sue competenze e conoscenze attraverso numerose masterclass e seminari in Lituania e all&#8217;estero. Il suo sviluppo personale \u00e8 stato arricchito dalla partecipazione a numerosi progetti e festival musicali internazionali. Giedre si \u00e8 esibita con orchestre sinfoniche e da camera lituane e lettoni. Giedre Lutz si esibisce regolarmente come pianista solista e musicista d&#8217;ensemble in un&#8217;ampia variet\u00e0 di formazioni su palcoscenici nazionali e internazionali (tra cui la Filarmonica Nazionale Lituana di Vilnius, la Filarmonica di Kaunas, il Teatro Musicale di Klaip\u0117da, la Sala Concerti di Klaip\u0117da, la Sala Concerti Polifonija \u0160iauliai, la Filarmonica di Berlino, la Konzerthaus e la Chiesa Francese di Berlino, e la Nikolaisaal di Potsdam). \u00c8 inoltre direttrice musicale di diverse produzioni di opera e operetta.<\/h5>\n","protected":false},"excerpt":{"rendered":"<p>Duo Dolce Giedre Lutz, pianoforte Ilona Nymoen, soprano Musiche di W.A. Mozart, F. Schubert, D. Marianelli, R. Wagner, M. Nyman, H. Eisler, A. Piazzolla Ilona Nymoen, soprano Ilona Nymoen \u00e8 nata a Donaueschingen, in Germania, dove gi\u00e0 durante gli anni scolastici cantava in un coro e prendeva lezioni di flauto e pianoforte. Dopo i primi [&hellip;]<\/p>\n","protected":false},"author":1,"featured_media":18323,"template":"","tags":[],"mec_category":[131,27],"class_list":["post-18141","mec-events","type-mec-events","status-publish","has-post-thumbnail","hentry","mec_category-ace-events","mec_category-concerti"],"_links":{"self":[{"href":"https:\/\/www.associazione-culturale-europea.eu\/index.php\/wp-json\/wp\/v2\/mec-events\/18141","targetHints":{"allow":["GET"]}}],"collection":[{"href":"https:\/\/www.associazione-culturale-europea.eu\/index.php\/wp-json\/wp\/v2\/mec-events"}],"about":[{"href":"https:\/\/www.associazione-culturale-europea.eu\/index.php\/wp-json\/wp\/v2\/types\/mec-events"}],"author":[{"embeddable":true,"href":"https:\/\/www.associazione-culturale-europea.eu\/index.php\/wp-json\/wp\/v2\/users\/1"}],"version-history":[{"count":12,"href":"https:\/\/www.associazione-culturale-europea.eu\/index.php\/wp-json\/wp\/v2\/mec-events\/18141\/revisions"}],"predecessor-version":[{"id":20332,"href":"https:\/\/www.associazione-culturale-europea.eu\/index.php\/wp-json\/wp\/v2\/mec-events\/18141\/revisions\/20332"}],"wp:featuredmedia":[{"embeddable":true,"href":"https:\/\/www.associazione-culturale-europea.eu\/index.php\/wp-json\/wp\/v2\/media\/18323"}],"wp:attachment":[{"href":"https:\/\/www.associazione-culturale-europea.eu\/index.php\/wp-json\/wp\/v2\/media?parent=18141"}],"wp:term":[{"taxonomy":"post_tag","embeddable":true,"href":"https:\/\/www.associazione-culturale-europea.eu\/index.php\/wp-json\/wp\/v2\/tags?post=18141"},{"taxonomy":"mec_category","embeddable":true,"href":"https:\/\/www.associazione-culturale-europea.eu\/index.php\/wp-json\/wp\/v2\/mec_category?post=18141"}],"curies":[{"name":"wp","href":"https:\/\/api.w.org\/{rel}","templated":true}]}}

<h1><span style="color: #993300;"><em><span style="font-family: arial, sans-serif;">Duo Dolce</span></em></span></h1>
<h3><span style="color: #993300;">Giedre Lutz, pianoforte</span></h3>
<h3><span style="color: #993300;">Ilona Nymoen, soprano</span></h3>
<h4><em><span style="font-family: arial, sans-serif;">Musiche di W.A. Mozart, F. Schubert, D. Marianelli, R. Wagner, M. Nyman, H. Eisler, A. Piazzolla</span></em></h4>
<h4><span style="color: #000000;">Ilona Nymoen, soprano</span></h4>
<h5>Ilona Nymoen è nata a Donaueschingen, in Germania, dove già durante gli anni scolastici cantava in un coro e prendeva lezioni di flauto e pianoforte. Dopo i primi studi a Berlino, si è trasferita a Milano per studiare canto classico al Conservatorio di Musica “Giuseppe Verdi” e successivamente a Piacenza al Conservatorio “Giuseppe Niccolini”. Dopo il suo ritorno in Germania, ha iniziato la carriera solistica come mezzosoprano con ruoli quali: Carmen (Costanza e Amburgo), seguiti da ruoli quali: Maddalena / Rigoletto, Contessa di Eberbach/ Il bracconiere, 3. Dame e 3. Boy/ Il flauto magico, Irmentraut/ L&#8217;armaiolo, Marcelina/ Il barbiere di Siviglia, Tisbe/ La Cenerentola, Adelaide/ Der Vogelhändler, Czipra/ Der Zigeunerbaron, Baba, il turco/ The Rake&#8217;s progress, Mary/ L&#8217;olandese volante, &#8230;. I suoi impegni l&#8217;hanno portata all&#8217;Alleetheater di Amburgo, allo Staatstheater di Schwerin, alla Staatsoperette di Dresda, al Landestheater di Neustrelitz, al Theater Meissen, al Theater Lueneburg, all&#8217;Admiralspalast di Berlino, al Tipi – am Kanzleramt di Berlino, al Nikolaisaal di Potsdam, alla Volksbühne di Colonia, al Goetheanum di Basilea/Svizzera. Nel 2013 ha cambiato registro vocale passando al soprano drammatico, debuttando con grande successo nel ruolo di Leonore nell&#8217;opera Fidelio di Beethoven a Berlino. Il suo repertorio abbraccia l&#8217;intero spettro dell&#8217;oratorio, da D. Buxtehude a J.S. Bach, G. Rossini e B. Britten.È membro e fondatrice di vari ensemble di musica da camera. Nel Duo Dolce trova un&#8217;anima gemella in Giedre Lutz, la sua accompagnatrice al pianoforte.</h5>
<h4><strong>Giedre Lutz, pianoforte</strong></h4>
<h5>La pianista Giedre Lutz ha ottenuto un notevole successo musicale. L&#8217;artista lituana ha vinto premi in quattro concorsi nazionali e otto internazionali. Più recentemente, ha ricevuto il Majestic Excellence Award come Miglior Artista nella categoria Musica da Film agli Excellence Piano Awards 2022. Giedre Lutz si è laureata nel 2003 presso l&#8217;Accademia Statale Lituana di Musica e Teatro come pianista concertista, musicista da camera e insegnante di musica. Ha inoltre studiato pianoforte con il Professor László Simon presso l&#8217;Università delle Arti di Berlino. Ha inoltre approfondito le sue competenze e conoscenze attraverso numerose masterclass e seminari in Lituania e all&#8217;estero. Il suo sviluppo personale è stato arricchito dalla partecipazione a numerosi progetti e festival musicali internazionali. Giedre si è esibita con orchestre sinfoniche e da camera lituane e lettoni. Giedre Lutz si esibisce regolarmente come pianista solista e musicista d&#8217;ensemble in un&#8217;ampia varietà di formazioni su palcoscenici nazionali e internazionali (tra cui la Filarmonica Nazionale Lituana di Vilnius, la Filarmonica di Kaunas, il Teatro Musicale di Klaipėda, la Sala Concerti di Klaipėda, la Sala Concerti Polifonija Šiauliai, la Filarmonica di Berlino, la Konzerthaus e la Chiesa Francese di Berlino, e la Nikolaisaal di Potsdam). È inoltre direttrice musicale di diverse produzioni di opera e operetta.</h5>

<p>Duo Dolce Giedre Lutz, pianoforte Ilona Nymoen, soprano Musiche di W.A. Mozart, F. Schubert, D. Marianelli, R. Wagner, M. Nyman, H. Eisler, A. Piazzolla Ilona Nymoen, soprano Ilona Nymoen è nata a Donaueschingen, in Germania, dove già durante gli anni scolastici cantava in un coro e prendeva lezioni di flauto e pianoforte. Dopo i primi [&hellip;]</p>
